{"id":1076,"date":"2015-02-06T08:29:05","date_gmt":"2015-02-06T07:29:05","guid":{"rendered":"http:\/\/www.grupnexus.com\/tractaments\/estetica-avanzada\/energia-vital\/"},"modified":"2016-01-21T23:44:30","modified_gmt":"2016-01-21T21:44:30","slug":"energia-vital","status":"publish","type":"page","link":"https:\/\/grupnexus.com\/es\/tratamientos\/estetica-avanzada\/energia-vital\/","title":{"rendered":"Energ\u00eda vital"},"content":{"rendered":"<div class=\"row \"><div class=\"wpv-grid grid-3-4  wpv-first-level first unextended\" style=\"padding-top:0px;padding-bottom:0px\" id=\"wpv-column-c13069bde648d72a72ec7e0699efc580\" >\t\t<h2 class=\"text-divider-double\">\t\t\t\nEnerg\u00eda vital\t\t<\/h2>\t\t<div class=\"sep\"><\/div>\t<\/div>\n<div class=\"wpv-grid grid-1-4  wpv-first-level unextended\" style=\"padding-top:0px;padding-bottom:0px\" id=\"wpv-column-83cc7738685b6e6da9da57b91b04bf5a\" ><div class=\"push\" style='height:44px'><\/div>\n<!-- Widget Shortcode --><div id=\"search-11\" class=\"widget widget_search widget-shortcode area-wpv_sidebar-tractament-est-facial-cat-left \"><form role=\"search\" method=\"get\" class=\"searchform clearfix\" action=\"https:\/\/grupnexus.com\/es\/\">\n\t<label for=\"search-text-widget\" class=\"visuallyhidden\">Search for:<\/label>\n\t<input id=\"search-text-widget\" type=\"text\" value=\"\" name=\"s\" placeholder=\"Buscar\" required=\"required\" \/>\n\t<input type=\"submit\" value=\"Buscar\" \/>\n\t\t\t<input type=\"hidden\" name=\"lang\" value=\"es\"\/>\n\t<\/form><\/div><!-- \/Widget Shortcode --><\/div><\/div>\n<div class=\"row \"><div class=\"wpv-grid grid-1-4  wpv-first-level first unextended\" style=\"padding-top:0px;padding-bottom:0px\" id=\"wpv-column-b4b1920f2ba7da1907ddea55d5e5e28d\" ><!-- Widget Shortcode --><div id=\"nav_menu-14\" class=\"widget widget_nav_menu widget-shortcode area-wpv_sidebar-tractaments-estetica-avancada-cat-left \"><h2 class=\"widgettitle\">Est\u00e9tica avanzada<\/h2><div class=\"menu-tractaments-med-est-avan-es-container\"><ul id=\"menu-tractaments-med-est-avan-es\" class=\"menu\"><li id=\"menu-item-9613\" class=\"menu-item menu-item-type-post_type menu-item-object-page menu-item-9613\"><a href=\"https:\/\/grupnexus.com\/es\/tratamientos\/estetica-avanzada\/dermocosmetica\/\">Dermocosm\u00e9tica<\/a><\/li>\n<li id=\"menu-item-9614\" class=\"menu-item menu-item-type-post_type menu-item-object-page menu-item-9614\"><a href=\"https:\/\/grupnexus.com\/es\/tratamientos\/estetica-avanzada\/energia-vital\/\">Energ\u00eda vital<\/a><\/li>\n<li id=\"menu-item-9616\" class=\"menu-item menu-item-type-post_type menu-item-object-page menu-item-9616\"><a href=\"https:\/\/grupnexus.com\/es\/tratamientos\/estetica-avanzada\/packs-corporales\/\">Packs corporales<\/a><\/li>\n<li id=\"menu-item-9617\" class=\"menu-item menu-item-type-post_type menu-item-object-page menu-item-9617\"><a href=\"https:\/\/grupnexus.com\/es\/tratamientos\/estetica-avanzada\/packs-faciales\/\">Packs faciales<\/a><\/li>\n<li id=\"menu-item-9618\" class=\"menu-item menu-item-type-post_type menu-item-object-page menu-item-9618\"><a href=\"https:\/\/grupnexus.com\/es\/tratamientos\/estetica-avanzada\/spa-termal\/\">Spa-termal<\/a><\/li>\n<\/ul><\/div><\/div><!-- \/Widget Shortcode --><\/div>\n<div class=\"wpv-grid grid-3-4  wpv-first-level unextended\" style=\"padding-top:0px;padding-bottom:0px\" id=\"wpv-column-420a99b1a7b78e7f8adf990f2e646326\" ><p style=\"text-align: center;\"><img loading=\"lazy\" class=\"size-full wp-image-611 alignleft\" src=\"\/wp-content\/uploads\/Tractaments_EsteticaAvancada_EnergiaVital.jpg\" alt=\"Energia Vital\" width=\"628\" height=\"463\" srcset=\"https:\/\/grupnexus.com\/wp-content\/uploads\/Tractaments_EsteticaAvancada_EnergiaVital.jpg 628w, https:\/\/grupnexus.com\/wp-content\/uploads\/Tractaments_EsteticaAvancada_EnergiaVital-510x376.jpg 510w, https:\/\/grupnexus.com\/wp-content\/uploads\/Tractaments_EsteticaAvancada_EnergiaVital-300x221.jpg 300w\" sizes=\"(max-width: 628px) 100vw, 628px\" \/><\/p>\n<div class=\"row \"><div class=\"wpv-grid grid-1-1  first unextended\" style=\"padding-top:0px;padding-bottom:0px\" id=\"wpv-column-9cba84b64e3c57f10a7332db4248f9ed\" ><h3>Energ\u00eda vital<\/h3>\n<p><strong>Oasis de armon\u00eda y bienestar<\/strong><\/p>\n<h3>Armon\u00eda y bienestar<\/h3>\n<p>Uno de los conceptos fundamentales de la medicina oriental se centra en la idea de que una energ\u00eda vital circula por todo aquello que tiene vida.<br \/>\nEl flujo armonioso de esta energ\u00eda nos da salud y bienestar, mientras que los obst\u00e1culos en su circulaci\u00f3n provocan malestar y desequilibrios que, con el tiempo, provocan enfermedades.<\/p>\n<h3>El m\u00e9todo energ\u00eda vital<\/h3>\n<p>El objetivo de este m\u00e9todo es restablecer el equilibrio entre el cuerpo y la mente, para que la energ\u00eda vital pueda volver a circular libremente por nuestro cuerpo.<\/p>\n<p>La energ\u00eda vital es el m\u00e9todo que, a trav\u00e9s de la estimulaci\u00f3n positiva y completa de los 5 sentidos (vista, olfato, o\u00eddo, tacto y gusto), nos permite conseguir el equilibrio necesario para llegar a un completo bienestar, tanto f\u00edsico como mental, y descubrir un oasis de sensaciones.<\/div><\/div><\/div><\/div>\n<div class=\"sep\"><\/div>\n<div class=\"row \"><div class=\"wpv-grid grid-1-1  wpv-first-level first unextended\" style=\"padding-top:0px;padding-bottom:0px\" id=\"wpv-column-937d7479b435c87abd3e3eaee42bdd3b\" ><p><strong><span class=\"buscar\">Quiz\u00e1 estaba buscando:<\/span><\/strong><br \/>\n<span class=\"paraules\">Energ\u00eda vital Lleida, bienestar Lleida, m\u00e9todo energ\u00eda vital Lleida, equilibrio cuerpo y mente Lleida<\/span><\/div><\/div>\n","protected":false},"excerpt":{"rendered":"<p>Energ\u00eda vital Oasis de armon\u00eda y bienestar Armon\u00eda y bienestar Uno de los conceptos fundamentales de la medicina oriental se centra en la idea de que una energ\u00eda vital circula por todo aquello que tiene vida. El flujo armonioso de esta energ\u00eda nos da salud y bienestar, mientras que los obst\u00e1culos en su circulaci\u00f3n provocan&#8230;<\/p>\n","protected":false},"author":5,"featured_media":0,"parent":1055,"menu_order":0,"comment_status":"closed","ping_status":"closed","template":"","meta":[],"yoast_head":"<!-- This site is optimized with the Yoast SEO plugin v18.6 - https:\/\/yoast.com\/wordpress\/plugins\/seo\/ -->\n<title>Energ\u00eda Vital Lleida<\/title>\n<meta name=\"description\" content=\"Armon\u00eda y bienestar con el m\u00e9todo de energ\u00eda vital de Nexus.\" \/>\n<meta name=\"robots\" content=\"index, follow, max-snippet:-1, max-image-preview:large, max-video-preview:-1\" \/>\n<link rel=\"canonical\" href=\"https:\/\/grupnexus.com\/es\/tratamientos\/estetica-avanzada\/energia-vital\/\" \/>\n<meta property=\"og:locale\" content=\"es_ES\" \/>\n<meta property=\"og:type\" content=\"article\" \/>\n<meta property=\"og:title\" content=\"Energ\u00eda Vital Lleida\" \/>\n<meta property=\"og:description\" content=\"Armon\u00eda y bienestar con el m\u00e9todo de energ\u00eda vital de Nexus.\" \/>\n<meta property=\"og:url\" content=\"https:\/\/grupnexus.com\/es\/tratamientos\/estetica-avanzada\/energia-vital\/\" \/>\n<meta property=\"og:site_name\" content=\"Cl\u00ednica Nexus\" \/>\n<meta property=\"article:modified_time\" content=\"2016-01-21T21:44:30+00:00\" \/>\n<meta property=\"og:image\" content=\"https:\/\/grupnexus.com\/wp-content\/uploads\/Tractaments_EsteticaAvancada_EnergiaVital.jpg\" \/>\n<meta name=\"twitter:card\" content=\"summary\" \/>\n<meta name=\"twitter:label1\" content=\"Tiempo de lectura\" \/>\n\t<meta name=\"twitter:data1\" content=\"3 minutos\" \/>\n<script type=\"application\/ld+json\" class=\"yoast-schema-graph\">{\"@context\":\"https:\/\/schema.org\",\"@graph\":[{\"@type\":\"WebSite\",\"@id\":\"https:\/\/grupnexus.com\/es\/#website\",\"url\":\"https:\/\/grupnexus.com\/es\/\",\"name\":\"Cl\u00ednica Nexus\",\"description\":\"L\u00edders en Medicina Est\u00e8tica Avan\u00e7ada\",\"potentialAction\":[{\"@type\":\"SearchAction\",\"target\":{\"@type\":\"EntryPoint\",\"urlTemplate\":\"https:\/\/grupnexus.com\/es\/?s={search_term_string}\"},\"query-input\":\"required name=search_term_string\"}],\"inLanguage\":\"es\"},{\"@type\":\"WebPage\",\"@id\":\"https:\/\/grupnexus.com\/es\/tratamientos\/estetica-avanzada\/energia-vital\/#webpage\",\"url\":\"https:\/\/grupnexus.com\/es\/tratamientos\/estetica-avanzada\/energia-vital\/\",\"name\":\"Energ\u00eda Vital Lleida\",\"isPartOf\":{\"@id\":\"https:\/\/grupnexus.com\/es\/#website\"},\"datePublished\":\"2015-02-06T07:29:05+00:00\",\"dateModified\":\"2016-01-21T21:44:30+00:00\",\"description\":\"Armon\u00eda y bienestar con el m\u00e9todo de energ\u00eda vital de Nexus.\",\"breadcrumb\":{\"@id\":\"https:\/\/grupnexus.com\/es\/tratamientos\/estetica-avanzada\/energia-vital\/#breadcrumb\"},\"inLanguage\":\"es\",\"potentialAction\":[{\"@type\":\"ReadAction\",\"target\":[\"https:\/\/grupnexus.com\/es\/tratamientos\/estetica-avanzada\/energia-vital\/\"]}]},{\"@type\":\"BreadcrumbList\",\"@id\":\"https:\/\/grupnexus.com\/es\/tratamientos\/estetica-avanzada\/energia-vital\/#breadcrumb\",\"itemListElement\":[{\"@type\":\"ListItem\",\"position\":1,\"name\":\"Portada\",\"item\":\"https:\/\/grupnexus.com\/es\/\"},{\"@type\":\"ListItem\",\"position\":2,\"name\":\"Tratamientos\",\"item\":\"https:\/\/grupnexus.com\/es\/tratamientos\/\"},{\"@type\":\"ListItem\",\"position\":3,\"name\":\"Est\u00e9tica avanzada\",\"item\":\"https:\/\/grupnexus.com\/es\/tratamientos\/estetica-avanzada\/\"},{\"@type\":\"ListItem\",\"position\":4,\"name\":\"Energ\u00eda vital\"}]}]}<\/script>\n<!-- \/ Yoast SEO plugin. -->","yoast_head_json":{"title":"Energ\u00eda Vital Lleida","description":"Armon\u00eda y bienestar con el m\u00e9todo de energ\u00eda vital de Nexus.","robots":{"index":"index","follow":"follow","max-snippet":"max-snippet:-1","max-image-preview":"max-image-preview:large","max-video-preview":"max-video-preview:-1"},"canonical":"https:\/\/grupnexus.com\/es\/tratamientos\/estetica-avanzada\/energia-vital\/","og_locale":"es_ES","og_type":"article","og_title":"Energ\u00eda Vital Lleida","og_description":"Armon\u00eda y bienestar con el m\u00e9todo de energ\u00eda vital de Nexus.","og_url":"https:\/\/grupnexus.com\/es\/tratamientos\/estetica-avanzada\/energia-vital\/","og_site_name":"Cl\u00ednica Nexus","article_modified_time":"2016-01-21T21:44:30+00:00","og_image":[{"url":"https:\/\/grupnexus.com\/wp-content\/uploads\/Tractaments_EsteticaAvancada_EnergiaVital.jpg"}],"twitter_card":"summary","twitter_misc":{"Tiempo de lectura":"3 minutos"},"schema":{"@context":"https:\/\/schema.org","@graph":[{"@type":"WebSite","@id":"https:\/\/grupnexus.com\/es\/#website","url":"https:\/\/grupnexus.com\/es\/","name":"Cl\u00ednica Nexus","description":"L\u00edders en Medicina Est\u00e8tica Avan\u00e7ada","potentialAction":[{"@type":"SearchAction","target":{"@type":"EntryPoint","urlTemplate":"https:\/\/grupnexus.com\/es\/?s={search_term_string}"},"query-input":"required name=search_term_string"}],"inLanguage":"es"},{"@type":"WebPage","@id":"https:\/\/grupnexus.com\/es\/tratamientos\/estetica-avanzada\/energia-vital\/#webpage","url":"https:\/\/grupnexus.com\/es\/tratamientos\/estetica-avanzada\/energia-vital\/","name":"Energ\u00eda Vital Lleida","isPartOf":{"@id":"https:\/\/grupnexus.com\/es\/#website"},"datePublished":"2015-02-06T07:29:05+00:00","dateModified":"2016-01-21T21:44:30+00:00","description":"Armon\u00eda y bienestar con el m\u00e9todo de energ\u00eda vital de Nexus.","breadcrumb":{"@id":"https:\/\/grupnexus.com\/es\/tratamientos\/estetica-avanzada\/energia-vital\/#breadcrumb"},"inLanguage":"es","potentialAction":[{"@type":"ReadAction","target":["https:\/\/grupnexus.com\/es\/tratamientos\/estetica-avanzada\/energia-vital\/"]}]},{"@type":"BreadcrumbList","@id":"https:\/\/grupnexus.com\/es\/tratamientos\/estetica-avanzada\/energia-vital\/#breadcrumb","itemListElement":[{"@type":"ListItem","position":1,"name":"Portada","item":"https:\/\/grupnexus.com\/es\/"},{"@type":"ListItem","position":2,"name":"Tratamientos","item":"https:\/\/grupnexus.com\/es\/tratamientos\/"},{"@type":"ListItem","position":3,"name":"Est\u00e9tica avanzada","item":"https:\/\/grupnexus.com\/es\/tratamientos\/estetica-avanzada\/"},{"@type":"ListItem","position":4,"name":"Energ\u00eda vital"}]}]}},"_links":{"self":[{"href":"https:\/\/grupnexus.com\/es\/wp-json\/wp\/v2\/pages\/1076"}],"collection":[{"href":"https:\/\/grupnexus.com\/es\/wp-json\/wp\/v2\/pages"}],"about":[{"href":"https:\/\/grupnexus.com\/es\/wp-json\/wp\/v2\/types\/page"}],"author":[{"embeddable":true,"href":"https:\/\/grupnexus.com\/es\/wp-json\/wp\/v2\/users\/5"}],"replies":[{"embeddable":true,"href":"https:\/\/grupnexus.com\/es\/wp-json\/wp\/v2\/comments?post=1076"}],"version-history":[{"count":0,"href":"https:\/\/grupnexus.com\/es\/wp-json\/wp\/v2\/pages\/1076\/revisions"}],"up":[{"embeddable":true,"href":"https:\/\/grupnexus.com\/es\/wp-json\/wp\/v2\/pages\/1055"}],"wp:attachment":[{"href":"https:\/\/grupnexus.com\/es\/wp-json\/wp\/v2\/media?parent=1076"}],"curies":[{"name":"wp","href":"https:\/\/api.w.org\/{rel}","templated":true}]}}

Energía vital

<div class="row "><div class="wpv-grid grid-3-4  wpv-first-level first unextended" style="padding-top:0px;padding-bottom:0px" id="wpv-column-c13069bde648d72a72ec7e0699efc580" >		<h2 class="text-divider-double">			
Energía vital		</h2>		<div class="sep"></div>	</div>
<div class="wpv-grid grid-1-4  wpv-first-level unextended" style="padding-top:0px;padding-bottom:0px" id="wpv-column-83cc7738685b6e6da9da57b91b04bf5a" ><div class="push" style='height:44px'></div>
<!-- Widget Shortcode --><div id="search-11" class="widget widget_search widget-shortcode area-wpv_sidebar-tractament-est-facial-cat-left "><form role="search" method="get" class="searchform clearfix" action="https://grupnexus.com/es/">
	<label for="search-text-widget" class="visuallyhidden">Search for:</label>
	<input id="search-text-widget" type="text" value="" name="s" placeholder="Buscar" required="required" />
	<input type="submit" value="Buscar" />
			<input type="hidden" name="lang" value="es"/>
	</form></div><!-- /Widget Shortcode --></div></div>
<div class="row "><div class="wpv-grid grid-1-4  wpv-first-level first unextended" style="padding-top:0px;padding-bottom:0px" id="wpv-column-b4b1920f2ba7da1907ddea55d5e5e28d" ><!-- Widget Shortcode --><div id="nav_menu-14" class="widget widget_nav_menu widget-shortcode area-wpv_sidebar-tractaments-estetica-avancada-cat-left "><h2 class="widgettitle">Estética avanzada</h2><div class="menu-tractaments-med-est-avan-es-container"><ul id="menu-tractaments-med-est-avan-es" class="menu"><li id="menu-item-9613" class="menu-item menu-item-type-post_type menu-item-object-page menu-item-9613"><a href="https://grupnexus.com/es/tratamientos/estetica-avanzada/dermocosmetica/">Dermocosmética</a></li>
<li id="menu-item-9614" class="menu-item menu-item-type-post_type menu-item-object-page menu-item-9614"><a href="https://grupnexus.com/es/tratamientos/estetica-avanzada/energia-vital/">Energía vital</a></li>
<li id="menu-item-9616" class="menu-item menu-item-type-post_type menu-item-object-page menu-item-9616"><a href="https://grupnexus.com/es/tratamientos/estetica-avanzada/packs-corporales/">Packs corporales</a></li>
<li id="menu-item-9617" class="menu-item menu-item-type-post_type menu-item-object-page menu-item-9617"><a href="https://grupnexus.com/es/tratamientos/estetica-avanzada/packs-faciales/">Packs faciales</a></li>
<li id="menu-item-9618" class="menu-item menu-item-type-post_type menu-item-object-page menu-item-9618"><a href="https://grupnexus.com/es/tratamientos/estetica-avanzada/spa-termal/">Spa-termal</a></li>
</ul></div></div><!-- /Widget Shortcode --></div>
<div class="wpv-grid grid-3-4  wpv-first-level unextended" style="padding-top:0px;padding-bottom:0px" id="wpv-column-420a99b1a7b78e7f8adf990f2e646326" ><p style="text-align: center;"><img loading="lazy" class="size-full wp-image-611 alignleft" src="/wp-content/uploads/Tractaments_EsteticaAvancada_EnergiaVital.jpg" alt="Energia Vital" width="628" height="463" srcset="https://grupnexus.com/wp-content/uploads/Tractaments_EsteticaAvancada_EnergiaVital.jpg 628w, https://grupnexus.com/wp-content/uploads/Tractaments_EsteticaAvancada_EnergiaVital-510x376.jpg 510w, https://grupnexus.com/wp-content/uploads/Tractaments_EsteticaAvancada_EnergiaVital-300x221.jpg 300w" sizes="(max-width: 628px) 100vw, 628px" /></p>
<div class="row "><div class="wpv-grid grid-1-1  first unextended" style="padding-top:0px;padding-bottom:0px" id="wpv-column-9cba84b64e3c57f10a7332db4248f9ed" ><h3>Energía vital</h3>
<p><strong>Oasis de armonía y bienestar</strong></p>
<h3>Armonía y bienestar</h3>
<p>Uno de los conceptos fundamentales de la medicina oriental se centra en la idea de que una energía vital circula por todo aquello que tiene vida.<br />
El flujo armonioso de esta energía nos da salud y bienestar, mientras que los obstáculos en su circulación provocan malestar y desequilibrios que, con el tiempo, provocan enfermedades.</p>
<h3>El método energía vital</h3>
<p>El objetivo de este método es restablecer el equilibrio entre el cuerpo y la mente, para que la energía vital pueda volver a circular libremente por nuestro cuerpo.</p>
<p>La energía vital es el método que, a través de la estimulación positiva y completa de los 5 sentidos (vista, olfato, oído, tacto y gusto), nos permite conseguir el equilibrio necesario para llegar a un completo bienestar, tanto físico como mental, y descubrir un oasis de sensaciones.</div></div></div></div>
<div class="sep"></div>
<div class="row "><div class="wpv-grid grid-1-1  wpv-first-level first unextended" style="padding-top:0px;padding-bottom:0px" id="wpv-column-937d7479b435c87abd3e3eaee42bdd3b" ><p><strong><span class="buscar">Quizá estaba buscando:</span></strong><br />
<span class="paraules">Energía vital Lleida, bienestar Lleida, método energía vital Lleida, equilibrio cuerpo y mente Lleida</span></div></div>

<p>Energía vital Oasis de armonía y bienestar Armonía y bienestar Uno de los conceptos fundamentales de la medicina oriental se centra en la idea de que una energía vital circula por todo aquello que tiene vida. El flujo armonioso de esta energía nos da salud y bienestar, mientras que los obstáculos en su circulación provocan&#8230;</p>

<!-- This site is optimized with the Yoast SEO plugin v18.6 - https://yoast.com/wordpress/plugins/seo/ -->
<title>Energía Vital Lleida</title>
<meta name="description" content="Armonía y bienestar con el método de energía vital de Nexus." />
<meta name="robots" content="index, follow, max-snippet:-1, max-image-preview:large, max-video-preview:-1" />
<link rel="canonical" href="https://grupnexus.com/es/tratamientos/estetica-avanzada/energia-vital/" />
<meta property="og:locale" content="es_ES" />
<meta property="og:type" content="article" />
<meta property="og:title" content="Energía Vital Lleida" />
<meta property="og:description" content="Armonía y bienestar con el método de energía vital de Nexus." />
<meta property="og:url" content="https://grupnexus.com/es/tratamientos/estetica-avanzada/energia-vital/" />
<meta property="og:site_name" content="Clínica Nexus" />
<meta property="article:modified_time" content="2016-01-21T21:44:30+00:00" />
<meta property="og:image" content="https://grupnexus.com/wp-content/uploads/Tractaments_EsteticaAvancada_EnergiaVital.jpg" />
<meta name="twitter:card" content="summary" />
<meta name="twitter:label1" content="Tiempo de lectura" />
	<meta name="twitter:data1" content="3 minutos" />
<script type="application/ld+json" class="yoast-schema-graph">{"@context":"https://schema.org","@graph":[{"@type":"WebSite","@id":"https://grupnexus.com/es/#website","url":"https://grupnexus.com/es/","name":"Clínica Nexus","description":"Líders en Medicina Estètica Avançada","potentialAction":[{"@type":"SearchAction","target":{"@type":"EntryPoint","urlTemplate":"https://grupnexus.com/es/?s={search_term_string}"},"query-input":"required name=search_term_string"}],"inLanguage":"es"},{"@type":"WebPage","@id":"https://grupnexus.com/es/tratamientos/estetica-avanzada/energia-vital/#webpage","url":"https://grupnexus.com/es/tratamientos/estetica-avanzada/energia-vital/","name":"Energía Vital Lleida","isPartOf":{"@id":"https://grupnexus.com/es/#website"},"datePublished":"2015-02-06T07:29:05+00:00","dateModified":"2016-01-21T21:44:30+00:00","description":"Armonía y bienestar con el método de energía vital de Nexus.","breadcrumb":{"@id":"https://grupnexus.com/es/tratamientos/estetica-avanzada/energia-vital/#breadcrumb"},"inLanguage":"es","potentialAction":[{"@type":"ReadAction","target":["https://grupnexus.com/es/tratamientos/estetica-avanzada/energia-vital/"]}]},{"@type":"BreadcrumbList","@id":"https://grupnexus.com/es/tratamientos/estetica-avanzada/energia-vital/#breadcrumb","itemListElement":[{"@type":"ListItem","position":1,"name":"Portada","item":"https://grupnexus.com/es/"},{"@type":"ListItem","position":2,"name":"Tratamientos","item":"https://grupnexus.com/es/tratamientos/"},{"@type":"ListItem","position":3,"name":"Estética avanzada","item":"https://grupnexus.com/es/tratamientos/estetica-avanzada/"},{"@type":"ListItem","position":4,"name":"Energía vital"}]}]}</script>
<!-- / Yoast SEO plugin. -->

Energía Vital Lleida

Armonía y bienestar con el método de energía vital de Nexus.

Clínica Nexus

Líders en Medicina Estètica Avançada

Estética avanzada
