{"id":17537,"date":"2018-10-02T11:01:24","date_gmt":"2018-10-02T09:01:24","guid":{"rendered":"https:\/\/www.grupnexus.com\/?page_id=17537\/"},"modified":"2021-01-11T10:09:56","modified_gmt":"2021-01-11T08:09:56","slug":"dr-samuel-pinos-pedra","status":"publish","type":"page","link":"https:\/\/grupnexus.com\/es\/nuestro-equipo\/dr-samuel-pinos-pedra\/","title":{"rendered":"Dr. Samuel Pin\u00f3s Pedra"},"content":{"rendered":"<div class=\"row \"><div class=\"wpv-grid grid-1-1  wpv-first-level first unextended\" style=\"padding-top:0px;padding-bottom:0px\" id=\"wpv-column-0c0ad575863ecf018f356c2a2727d4d2\" >\t\t<h2 class=\"text-divider-double\">\t\t\t\nDr. Samuel Pin\u00f3s Pedra\t\t<\/h2>\t\t<div class=\"sep\"><\/div>\t<\/div><\/div>\n<div class=\"row \"><div class=\"wpv-grid grid-1-4  wpv-first-level first unextended\" style=\"padding-top:0px;padding-bottom:0px\" id=\"wpv-column-7a4dca9cb08ddc3ed933273836908bdd\" ><p><img loading=\"lazy\" class=\"aligncenter size-full wp-image-14568\" src=\"https:\/\/grupnexus.com\/wp-content\/uploads\/2018\/02\/nexus-equip-samuel-pinos.jpg\" alt=\"\" width=\"473\" height=\"678\" srcset=\"https:\/\/grupnexus.com\/wp-content\/uploads\/2018\/02\/nexus-equip-samuel-pinos.jpg 473w, https:\/\/grupnexus.com\/wp-content\/uploads\/2018\/02\/nexus-equip-samuel-pinos-209x300.jpg 209w, https:\/\/grupnexus.com\/wp-content\/uploads\/2018\/02\/nexus-equip-samuel-pinos-360x516.jpg 360w, https:\/\/grupnexus.com\/wp-content\/uploads\/2018\/02\/nexus-equip-samuel-pinos-262x376.jpg 262w\" sizes=\"(max-width: 473px) 100vw, 473px\" \/><\/div>\n<div class=\"wpv-grid grid-3-4  wpv-first-level unextended\" style=\"padding-top:0px;padding-bottom:0px\" id=\"wpv-column-83fbb68d8498e64bb36d2e9e16cfc9d9\" ><div class=\"row \"><div class=\"wpv-grid grid-1-1  first unextended\" style=\"padding-top:0px;padding-bottom:0px\" id=\"wpv-column-815511e205032bd0f551d0fa7a716dfb\" ><h3>Educaci\u00f3n y Formaci\u00f3n<\/h3>\n<p>Licenciado en Medicina y Cirug\u00eda<br \/>\nEspecialista Universitario en Medicina Est\u00e9tica<br \/>\nMaster Universitario en Medicina Est\u00e9tica<br \/>\nMaster en Medicina Est\u00e9tica por la Escuela Espa\u00f1ola de Medicina Est\u00e9tica<br \/>\nMaster en Liposcultura<br \/>\nM\u00e1ster en L\u00e1ser m\u00e9dico-quir\u00fargico y Medicina Fot\u00f3nica.<br \/>\nExperto Universitario en Gen\u00e9tica M\u00e9dica y Gen\u00f3mica por la Universidad Cat\u00f3lica San Antonio<br \/>\nMiembro numerario de la Sociedad Espa\u00f1ola y Francesa de Medicina Est\u00e9tica<br \/>\nMiembro numerario de la Sociedad Espa\u00f1ola de L\u00e1ser M\u00e9dico-Quir\u00fargico<br \/>\nMiembro numerario de la International Society of Cosmetic and Laser Surgeons<br \/>\nM\u00e9dico Especialista (v\u00eda MIR) en Medicina del Trabajo<br \/>\nM\u00e1ster Universitario en Valoraci\u00f3n del Da\u00f1o Corporal<\/p>\n<div class=\"push\" style='height:10px'><\/div>\n<h3>Experiencia Profesional<\/h3>\n<p>Fundador y Director M\u00e9dico<\/div><\/div>\n<p>&nbsp;<\/div><\/div>\n<div class=\"push\" style='height:40px'><\/div>\n","protected":false},"excerpt":{"rendered":"<p>Educaci\u00f3n y Formaci\u00f3n Licenciado en Medicina y Cirug\u00eda Especialista Universitario en Medicina Est\u00e9tica Master Universitario en Medicina Est\u00e9tica Master en Medicina Est\u00e9tica por la Escuela Espa\u00f1ola de Medicina Est\u00e9tica Master en Liposcultura M\u00e1ster en L\u00e1ser m\u00e9dico-quir\u00fargico y Medicina Fot\u00f3nica. Experto Universitario en Gen\u00e9tica M\u00e9dica y Gen\u00f3mica por la Universidad Cat\u00f3lica San Antonio Miembro numerario de&#8230;<\/p>\n","protected":false},"author":6,"featured_media":0,"parent":14354,"menu_order":0,"comment_status":"closed","ping_status":"closed","template":"","meta":[],"yoast_head":"<!-- This site is optimized with the Yoast SEO plugin v18.6 - https:\/\/yoast.com\/wordpress\/plugins\/seo\/ -->\n<title>Dr. Samuel Pin\u00f3s Pedra - Cl\u00ednica Nexus<\/title>\n<meta name=\"robots\" content=\"index, follow, max-snippet:-1, max-image-preview:large, max-video-preview:-1\" \/>\n<link rel=\"canonical\" href=\"https:\/\/grupnexus.com\/es\/nuestro-equipo\/dr-samuel-pinos-pedra\/\" \/>\n<meta property=\"og:locale\" content=\"es_ES\" \/>\n<meta property=\"og:type\" content=\"article\" \/>\n<meta property=\"og:title\" content=\"Dr. Samuel Pin\u00f3s Pedra - Cl\u00ednica Nexus\" \/>\n<meta property=\"og:description\" content=\"Educaci\u00f3n y Formaci\u00f3n Licenciado en Medicina y Cirug\u00eda Especialista Universitario en Medicina Est\u00e9tica Master Universitario en Medicina Est\u00e9tica Master en Medicina Est\u00e9tica por la Escuela Espa\u00f1ola de Medicina Est\u00e9tica Master en Liposcultura M\u00e1ster en L\u00e1ser m\u00e9dico-quir\u00fargico y Medicina Fot\u00f3nica. Experto Universitario en Gen\u00e9tica M\u00e9dica y Gen\u00f3mica por la Universidad Cat\u00f3lica San Antonio Miembro numerario de...\" \/>\n<meta property=\"og:url\" content=\"https:\/\/grupnexus.com\/es\/nuestro-equipo\/dr-samuel-pinos-pedra\/\" \/>\n<meta property=\"og:site_name\" content=\"Cl\u00ednica Nexus\" \/>\n<meta property=\"article:modified_time\" content=\"2021-01-11T08:09:56+00:00\" \/>\n<meta property=\"og:image\" content=\"https:\/\/grupnexus.com\/wp-content\/uploads\/2018\/02\/nexus-equip-samuel-pinos.jpg\" \/>\n<meta name=\"twitter:card\" content=\"summary\" \/>\n<meta name=\"twitter:label1\" content=\"Tiempo de lectura\" \/>\n\t<meta name=\"twitter:data1\" content=\"2 minutos\" \/>\n<script type=\"application\/ld+json\" class=\"yoast-schema-graph\">{\"@context\":\"https:\/\/schema.org\",\"@graph\":[{\"@type\":\"WebSite\",\"@id\":\"https:\/\/grupnexus.com\/es\/#website\",\"url\":\"https:\/\/grupnexus.com\/es\/\",\"name\":\"Cl\u00ednica Nexus\",\"description\":\"L\u00edders en Medicina Est\u00e8tica Avan\u00e7ada\",\"potentialAction\":[{\"@type\":\"SearchAction\",\"target\":{\"@type\":\"EntryPoint\",\"urlTemplate\":\"https:\/\/grupnexus.com\/es\/?s={search_term_string}\"},\"query-input\":\"required name=search_term_string\"}],\"inLanguage\":\"es\"},{\"@type\":\"ImageObject\",\"@id\":\"https:\/\/grupnexus.com\/es\/nuestro-equipo\/dr-samuel-pinos-pedra\/#primaryimage\",\"inLanguage\":\"es\",\"url\":\"https:\/\/grupnexus.com\/wp-content\/uploads\/2018\/02\/nexus-equip-samuel-pinos.jpg\",\"contentUrl\":\"https:\/\/grupnexus.com\/wp-content\/uploads\/2018\/02\/nexus-equip-samuel-pinos.jpg\",\"width\":473,\"height\":678},{\"@type\":\"WebPage\",\"@id\":\"https:\/\/grupnexus.com\/es\/nuestro-equipo\/dr-samuel-pinos-pedra\/#webpage\",\"url\":\"https:\/\/grupnexus.com\/es\/nuestro-equipo\/dr-samuel-pinos-pedra\/\",\"name\":\"Dr. Samuel Pin\u00f3s Pedra - Cl\u00ednica Nexus\",\"isPartOf\":{\"@id\":\"https:\/\/grupnexus.com\/es\/#website\"},\"primaryImageOfPage\":{\"@id\":\"https:\/\/grupnexus.com\/es\/nuestro-equipo\/dr-samuel-pinos-pedra\/#primaryimage\"},\"datePublished\":\"2018-10-02T09:01:24+00:00\",\"dateModified\":\"2021-01-11T08:09:56+00:00\",\"breadcrumb\":{\"@id\":\"https:\/\/grupnexus.com\/es\/nuestro-equipo\/dr-samuel-pinos-pedra\/#breadcrumb\"},\"inLanguage\":\"es\",\"potentialAction\":[{\"@type\":\"ReadAction\",\"target\":[\"https:\/\/grupnexus.com\/es\/nuestro-equipo\/dr-samuel-pinos-pedra\/\"]}]},{\"@type\":\"BreadcrumbList\",\"@id\":\"https:\/\/grupnexus.com\/es\/nuestro-equipo\/dr-samuel-pinos-pedra\/#breadcrumb\",\"itemListElement\":[{\"@type\":\"ListItem\",\"position\":1,\"name\":\"Portada\",\"item\":\"https:\/\/grupnexus.com\/es\/\"},{\"@type\":\"ListItem\",\"position\":2,\"name\":\"Nuestro equipo\",\"item\":\"https:\/\/grupnexus.com\/es\/nuestro-equipo\/\"},{\"@type\":\"ListItem\",\"position\":3,\"name\":\"Dr. Samuel Pin\u00f3s Pedra\"}]}]}<\/script>\n<!-- \/ Yoast SEO plugin. -->","yoast_head_json":{"title":"Dr. Samuel Pin\u00f3s Pedra - Cl\u00ednica Nexus","robots":{"index":"index","follow":"follow","max-snippet":"max-snippet:-1","max-image-preview":"max-image-preview:large","max-video-preview":"max-video-preview:-1"},"canonical":"https:\/\/grupnexus.com\/es\/nuestro-equipo\/dr-samuel-pinos-pedra\/","og_locale":"es_ES","og_type":"article","og_title":"Dr. Samuel Pin\u00f3s Pedra - Cl\u00ednica Nexus","og_description":"Educaci\u00f3n y Formaci\u00f3n Licenciado en Medicina y Cirug\u00eda Especialista Universitario en Medicina Est\u00e9tica Master Universitario en Medicina Est\u00e9tica Master en Medicina Est\u00e9tica por la Escuela Espa\u00f1ola de Medicina Est\u00e9tica Master en Liposcultura M\u00e1ster en L\u00e1ser m\u00e9dico-quir\u00fargico y Medicina Fot\u00f3nica. Experto Universitario en Gen\u00e9tica M\u00e9dica y Gen\u00f3mica por la Universidad Cat\u00f3lica San Antonio Miembro numerario de...","og_url":"https:\/\/grupnexus.com\/es\/nuestro-equipo\/dr-samuel-pinos-pedra\/","og_site_name":"Cl\u00ednica Nexus","article_modified_time":"2021-01-11T08:09:56+00:00","og_image":[{"url":"https:\/\/grupnexus.com\/wp-content\/uploads\/2018\/02\/nexus-equip-samuel-pinos.jpg"}],"twitter_card":"summary","twitter_misc":{"Tiempo de lectura":"2 minutos"},"schema":{"@context":"https:\/\/schema.org","@graph":[{"@type":"WebSite","@id":"https:\/\/grupnexus.com\/es\/#website","url":"https:\/\/grupnexus.com\/es\/","name":"Cl\u00ednica Nexus","description":"L\u00edders en Medicina Est\u00e8tica Avan\u00e7ada","potentialAction":[{"@type":"SearchAction","target":{"@type":"EntryPoint","urlTemplate":"https:\/\/grupnexus.com\/es\/?s={search_term_string}"},"query-input":"required name=search_term_string"}],"inLanguage":"es"},{"@type":"ImageObject","@id":"https:\/\/grupnexus.com\/es\/nuestro-equipo\/dr-samuel-pinos-pedra\/#primaryimage","inLanguage":"es","url":"https:\/\/grupnexus.com\/wp-content\/uploads\/2018\/02\/nexus-equip-samuel-pinos.jpg","contentUrl":"https:\/\/grupnexus.com\/wp-content\/uploads\/2018\/02\/nexus-equip-samuel-pinos.jpg","width":473,"height":678},{"@type":"WebPage","@id":"https:\/\/grupnexus.com\/es\/nuestro-equipo\/dr-samuel-pinos-pedra\/#webpage","url":"https:\/\/grupnexus.com\/es\/nuestro-equipo\/dr-samuel-pinos-pedra\/","name":"Dr. Samuel Pin\u00f3s Pedra - Cl\u00ednica Nexus","isPartOf":{"@id":"https:\/\/grupnexus.com\/es\/#website"},"primaryImageOfPage":{"@id":"https:\/\/grupnexus.com\/es\/nuestro-equipo\/dr-samuel-pinos-pedra\/#primaryimage"},"datePublished":"2018-10-02T09:01:24+00:00","dateModified":"2021-01-11T08:09:56+00:00","breadcrumb":{"@id":"https:\/\/grupnexus.com\/es\/nuestro-equipo\/dr-samuel-pinos-pedra\/#breadcrumb"},"inLanguage":"es","potentialAction":[{"@type":"ReadAction","target":["https:\/\/grupnexus.com\/es\/nuestro-equipo\/dr-samuel-pinos-pedra\/"]}]},{"@type":"BreadcrumbList","@id":"https:\/\/grupnexus.com\/es\/nuestro-equipo\/dr-samuel-pinos-pedra\/#breadcrumb","itemListElement":[{"@type":"ListItem","position":1,"name":"Portada","item":"https:\/\/grupnexus.com\/es\/"},{"@type":"ListItem","position":2,"name":"Nuestro equipo","item":"https:\/\/grupnexus.com\/es\/nuestro-equipo\/"},{"@type":"ListItem","position":3,"name":"Dr. Samuel Pin\u00f3s Pedra"}]}]}},"_links":{"self":[{"href":"https:\/\/grupnexus.com\/es\/wp-json\/wp\/v2\/pages\/17537"}],"collection":[{"href":"https:\/\/grupnexus.com\/es\/wp-json\/wp\/v2\/pages"}],"about":[{"href":"https:\/\/grupnexus.com\/es\/wp-json\/wp\/v2\/types\/page"}],"author":[{"embeddable":true,"href":"https:\/\/grupnexus.com\/es\/wp-json\/wp\/v2\/users\/6"}],"replies":[{"embeddable":true,"href":"https:\/\/grupnexus.com\/es\/wp-json\/wp\/v2\/comments?post=17537"}],"version-history":[{"count":4,"href":"https:\/\/grupnexus.com\/es\/wp-json\/wp\/v2\/pages\/17537\/revisions"}],"predecessor-version":[{"id":46311,"href":"https:\/\/grupnexus.com\/es\/wp-json\/wp\/v2\/pages\/17537\/revisions\/46311"}],"up":[{"embeddable":true,"href":"https:\/\/grupnexus.com\/es\/wp-json\/wp\/v2\/pages\/14354"}],"wp:attachment":[{"href":"https:\/\/grupnexus.com\/es\/wp-json\/wp\/v2\/media?parent=17537"}],"curies":[{"name":"wp","href":"https:\/\/api.w.org\/{rel}","templated":true}]}}

Dr. Samuel Pinós Pedra

<div class="row "><div class="wpv-grid grid-1-1  wpv-first-level first unextended" style="padding-top:0px;padding-bottom:0px" id="wpv-column-0c0ad575863ecf018f356c2a2727d4d2" >		<h2 class="text-divider-double">			
Dr. Samuel Pinós Pedra		</h2>		<div class="sep"></div>	</div></div>
<div class="row "><div class="wpv-grid grid-1-4  wpv-first-level first unextended" style="padding-top:0px;padding-bottom:0px" id="wpv-column-7a4dca9cb08ddc3ed933273836908bdd" ><p><img loading="lazy" class="aligncenter size-full wp-image-14568" src="https://grupnexus.com/wp-content/uploads/2018/02/nexus-equip-samuel-pinos.jpg" alt="" width="473" height="678" srcset="https://grupnexus.com/wp-content/uploads/2018/02/nexus-equip-samuel-pinos.jpg 473w, https://grupnexus.com/wp-content/uploads/2018/02/nexus-equip-samuel-pinos-209x300.jpg 209w, https://grupnexus.com/wp-content/uploads/2018/02/nexus-equip-samuel-pinos-360x516.jpg 360w, https://grupnexus.com/wp-content/uploads/2018/02/nexus-equip-samuel-pinos-262x376.jpg 262w" sizes="(max-width: 473px) 100vw, 473px" /></div>
<div class="wpv-grid grid-3-4  wpv-first-level unextended" style="padding-top:0px;padding-bottom:0px" id="wpv-column-83fbb68d8498e64bb36d2e9e16cfc9d9" ><div class="row "><div class="wpv-grid grid-1-1  first unextended" style="padding-top:0px;padding-bottom:0px" id="wpv-column-815511e205032bd0f551d0fa7a716dfb" ><h3>Educación y Formación</h3>
<p>Licenciado en Medicina y Cirugía<br />
Especialista Universitario en Medicina Estética<br />
Master Universitario en Medicina Estética<br />
Master en Medicina Estética por la Escuela Española de Medicina Estética<br />
Master en Liposcultura<br />
Máster en Láser médico-quirúrgico y Medicina Fotónica.<br />
Experto Universitario en Genética Médica y Genómica por la Universidad Católica San Antonio<br />
Miembro numerario de la Sociedad Española y Francesa de Medicina Estética<br />
Miembro numerario de la Sociedad Española de Láser Médico-Quirúrgico<br />
Miembro numerario de la International Society of Cosmetic and Laser Surgeons<br />
Médico Especialista (vía MIR) en Medicina del Trabajo<br />
Máster Universitario en Valoración del Daño Corporal</p>
<div class="push" style='height:10px'></div>
<h3>Experiencia Profesional</h3>
<p>Fundador y Director Médico</div></div>
<p>&nbsp;</div></div>
<div class="push" style='height:40px'></div>

<p>Educación y Formación Licenciado en Medicina y Cirugía Especialista Universitario en Medicina Estética Master Universitario en Medicina Estética Master en Medicina Estética por la Escuela Española de Medicina Estética Master en Liposcultura Máster en Láser médico-quirúrgico y Medicina Fotónica. Experto Universitario en Genética Médica y Genómica por la Universidad Católica San Antonio Miembro numerario de&#8230;</p>

<!-- This site is optimized with the Yoast SEO plugin v18.6 - https://yoast.com/wordpress/plugins/seo/ -->
<title>Dr. Samuel Pinós Pedra - Clínica Nexus</title>
<meta name="robots" content="index, follow, max-snippet:-1, max-image-preview:large, max-video-preview:-1" />
<link rel="canonical" href="https://grupnexus.com/es/nuestro-equipo/dr-samuel-pinos-pedra/" />
<meta property="og:locale" content="es_ES" />
<meta property="og:type" content="article" />
<meta property="og:title" content="Dr. Samuel Pinós Pedra - Clínica Nexus" />
<meta property="og:description" content="Educación y Formación Licenciado en Medicina y Cirugía Especialista Universitario en Medicina Estética Master Universitario en Medicina Estética Master en Medicina Estética por la Escuela Española de Medicina Estética Master en Liposcultura Máster en Láser médico-quirúrgico y Medicina Fotónica. Experto Universitario en Genética Médica y Genómica por la Universidad Católica San Antonio Miembro numerario de..." />
<meta property="og:url" content="https://grupnexus.com/es/nuestro-equipo/dr-samuel-pinos-pedra/" />
<meta property="og:site_name" content="Clínica Nexus" />
<meta property="article:modified_time" content="2021-01-11T08:09:56+00:00" />
<meta property="og:image" content="https://grupnexus.com/wp-content/uploads/2018/02/nexus-equip-samuel-pinos.jpg" />
<meta name="twitter:card" content="summary" />
<meta name="twitter:label1" content="Tiempo de lectura" />
	<meta name="twitter:data1" content="2 minutos" />
<script type="application/ld+json" class="yoast-schema-graph">{"@context":"https://schema.org","@graph":[{"@type":"WebSite","@id":"https://grupnexus.com/es/#website","url":"https://grupnexus.com/es/","name":"Clínica Nexus","description":"Líders en Medicina Estètica Avançada","potentialAction":[{"@type":"SearchAction","target":{"@type":"EntryPoint","urlTemplate":"https://grupnexus.com/es/?s={search_term_string}"},"query-input":"required name=search_term_string"}],"inLanguage":"es"},{"@type":"ImageObject","@id":"https://grupnexus.com/es/nuestro-equipo/dr-samuel-pinos-pedra/#primaryimage","inLanguage":"es","url":"https://grupnexus.com/wp-content/uploads/2018/02/nexus-equip-samuel-pinos.jpg","contentUrl":"https://grupnexus.com/wp-content/uploads/2018/02/nexus-equip-samuel-pinos.jpg","width":473,"height":678},{"@type":"WebPage","@id":"https://grupnexus.com/es/nuestro-equipo/dr-samuel-pinos-pedra/#webpage","url":"https://grupnexus.com/es/nuestro-equipo/dr-samuel-pinos-pedra/","name":"Dr. Samuel Pinós Pedra - Clínica Nexus","isPartOf":{"@id":"https://grupnexus.com/es/#website"},"primaryImageOfPage":{"@id":"https://grupnexus.com/es/nuestro-equipo/dr-samuel-pinos-pedra/#primaryimage"},"datePublished":"2018-10-02T09:01:24+00:00","dateModified":"2021-01-11T08:09:56+00:00","breadcrumb":{"@id":"https://grupnexus.com/es/nuestro-equipo/dr-samuel-pinos-pedra/#breadcrumb"},"inLanguage":"es","potentialAction":[{"@type":"ReadAction","target":["https://grupnexus.com/es/nuestro-equipo/dr-samuel-pinos-pedra/"]}]},{"@type":"BreadcrumbList","@id":"https://grupnexus.com/es/nuestro-equipo/dr-samuel-pinos-pedra/#breadcrumb","itemListElement":[{"@type":"ListItem","position":1,"name":"Portada","item":"https://grupnexus.com/es/"},{"@type":"ListItem","position":2,"name":"Nuestro equipo","item":"https://grupnexus.com/es/nuestro-equipo/"},{"@type":"ListItem","position":3,"name":"Dr. Samuel Pinós Pedra"}]}]}</script>
<!-- / Yoast SEO plugin. -->

Dr. Samuel Pinós Pedra - Clínica Nexus

Educación y Formación Licenciado en Medicina y Cirugía Especialista Universitario en Medicina Estética Master Universitario en Medicina Estética Master en Medicina Estética por la Escuela Española de Medicina Estética Master en Liposcultura Máster en Láser médico-quirúrgico y Medicina Fotónica. Experto Universitario en Genética Médica y Genómica por la Universidad Católica San Antonio Miembro numerario de...

Clínica Nexus

Líders en Medicina Estètica Avançada
