{"id":27416,"date":"2019-06-20T16:12:51","date_gmt":"2019-06-20T14:12:51","guid":{"rendered":"https:\/\/www.grupnexus.com\/?page_id=27416"},"modified":"2019-07-23T11:41:39","modified_gmt":"2019-07-23T09:41:39","slug":"metodo-hr3","status":"publish","type":"page","link":"https:\/\/grupnexus.com\/es\/tratamientos\/unidad-capilar\/metodo-hr3\/","title":{"rendered":"M\u00e9todo HR3"},"content":{"rendered":"<div class=\"row \"><div class=\"wpv-grid grid-3-4  wpv-first-level first unextended\" style=\"padding-top:0px;padding-bottom:0px\" id=\"wpv-column-891d77eb8bbcc0fd1af52be9ef00eab4\" >\t\t<h2 class=\"text-divider-double\">\t\t\t\nM\u00e9todo HR3<br \/>\n\t\t<\/h2>\t\t<div class=\"sep\"><\/div>\t<\/div>\n<div class=\"wpv-grid grid-1-4  wpv-first-level unextended\" style=\"padding-top:0px;padding-bottom:0px\" id=\"wpv-column-71ab40b71b82db8b266fad9a787d4c1e\" ><div class=\"push\" style='height:44px'><\/div>\n<!-- Widget Shortcode --><div id=\"search-11\" class=\"widget widget_search widget-shortcode area-wpv_sidebar-tractament-est-facial-cat-left \"><form role=\"search\" method=\"get\" class=\"searchform clearfix\" action=\"https:\/\/grupnexus.com\/es\/\">\n\t<label for=\"search-text-widget\" class=\"visuallyhidden\">Search for:<\/label>\n\t<input id=\"search-text-widget\" type=\"text\" value=\"\" name=\"s\" placeholder=\"Buscar\" required=\"required\" \/>\n\t<input type=\"submit\" value=\"Buscar\" \/>\n\t\t\t<input type=\"hidden\" name=\"lang\" value=\"es\"\/>\n\t<\/form><\/div><!-- \/Widget Shortcode --><\/div><\/div>\n<div class=\"row \"><div class=\"wpv-grid grid-1-4  wpv-first-level first unextended\" style=\"padding-top:0px;padding-bottom:0px\" id=\"wpv-column-0c06ad1d686b6ee720b2fa80b9b35f85\" ><!-- Widget Shortcode --><!-- \/Widget Shortcode --><\/div>\n<div class=\"wpv-grid grid-3-4  wpv-first-level unextended\" style=\"padding-top:0px;padding-bottom:0px\" id=\"wpv-column-424c66ca5014688486d82baf2cd0b6cb\" ><p><img loading=\"lazy\" class=\"wp-image-27396 alignleft\" src=\"https:\/\/grupnexus.com\/wp-content\/uploads\/2019\/06\/unitat-capilar-diodes-laser.jpg\" alt=\"\" width=\"463\" height=\"281\" srcset=\"https:\/\/grupnexus.com\/wp-content\/uploads\/2019\/06\/unitat-capilar-diodes-laser.jpg 377w, https:\/\/grupnexus.com\/wp-content\/uploads\/2019\/06\/unitat-capilar-diodes-laser-300x182.jpg 300w, https:\/\/grupnexus.com\/wp-content\/uploads\/2019\/06\/unitat-capilar-diodes-laser-360x219.jpg 360w, https:\/\/grupnexus.com\/wp-content\/uploads\/2019\/06\/unitat-capilar-diodes-laser-262x159.jpg 262w\" sizes=\"(max-width: 463px) 100vw, 463px\" \/><\/p>\n<div class=\"row \"><div class=\"wpv-grid grid-1-1  first unextended\" style=\"padding-top:0px;padding-bottom:0px\" id=\"wpv-column-915cf14b141206367cc80e942f6575d6\" ><p>HR3 es un m\u00e9todo regenerador que trata la ca\u00edda del cabello y consigue su crecimiento en hombres y mujeres en 3 fases, en las que intervienen activamente el m\u00e9dico y el paciente de forma sincronizada.<\/p>\n<p><strong>Fase 1<\/strong>: diagn\u00f3stico del tipo de alopecia<br \/>\n<strong>Fase 2<\/strong>: tratamiento domiciliario con HR3, un casco discreto en forma de gorra, que permite, de forma f\u00e1cil y c\u00f3moda, lleva a cabo el tratamiento desde casa.<\/p>\n<p>Este innovador dispositivo consta de 246 diodos o luces de baja potencia, m\u00e1s conocidas como LLLT (Low Level Laser Therapy). La exposici\u00f3n diaria de la zona capilar afectada a este l\u00e1ser de baja potencia, consigue que las c\u00e9lulas que intervienen en el proceso fisiol\u00f3gico de crecimiento del pelo trabajen de forma \u00f3ptima, estimulando de manera activa la restauraci\u00f3n del cabello y recuperando progresivamente el dinamismo de las diferentes fases del crecimiento del pelo y, por tanto, frenando la ca\u00edda del cabello y el proceso de alopecia.<\/p>\n<p><strong>Fase<\/strong> <strong>3<\/strong>: tratamiento nutricosm\u00e9tica con Hairox Plus, un nutrac\u00e9utico exclusivo y de gran pureza indicado en el tratamiento de la ca\u00edda del cabello, que aporta grandes concentraciones de un grupo de amino\u00e1cidos esenciales, habitualmente deficientes en la dieta y que son necesarios para un adecuado estado del fol\u00edculo piloseb\u00e1ceo.<\/p>\n<p>Este suplemento para el cabello trata la alopecia androgen\u00e9tica, desnutricional, estacional y causada por estr\u00e9s.<\/div><\/div><\/div><\/div>\n<div class=\"sep\"><\/div>\n<div class=\"row \"><div class=\"wpv-grid grid-1-1  wpv-first-level first unextended\" style=\"padding-top:0px;padding-bottom:0px\" id=\"wpv-column-a8dadc6bd76eafef2ac878d04df053d9\" ><p><strong><span class=\"buscar\">Potser estava buscant:<\/span><\/strong><br \/>\n<span class=\"paraules\">M\u00e9todo HR3 Lleida, Diodos L\u00e1ser en formato gorra Lleida<\/span><\/div><\/div>\n","protected":false},"excerpt":{"rendered":"<p>HR3 es un m\u00e9todo regenerador que trata la ca\u00edda del cabello y consigue su crecimiento en hombres y mujeres en 3 fases, en las que intervienen activamente el m\u00e9dico y el paciente de forma sincronizada. Fase 1: diagn\u00f3stico del tipo de alopecia Fase 2: tratamiento domiciliario con HR3, un casco discreto en forma de gorra,&#8230;<\/p>\n","protected":false},"author":6,"featured_media":0,"parent":14582,"menu_order":0,"comment_status":"closed","ping_status":"closed","template":"","meta":[],"yoast_head":"<!-- This site is optimized with the Yoast SEO plugin v18.6 - https:\/\/yoast.com\/wordpress\/plugins\/seo\/ -->\n<title>M\u00e9todo HR3 - Cl\u00ednica Nexus<\/title>\n<meta name=\"description\" content=\"A Nexus comptem amb les millors f\u00f3rmules innovadores d&#039;est\u00e8tica avan\u00e7ada i micropigmentaci\u00f3.\" \/>\n<meta name=\"robots\" content=\"index, follow, max-snippet:-1, max-image-preview:large, max-video-preview:-1\" \/>\n<link rel=\"canonical\" href=\"https:\/\/grupnexus.com\/es\/tratamientos\/unidad-capilar\/metodo-hr3\/\" \/>\n<meta property=\"og:locale\" content=\"es_ES\" \/>\n<meta property=\"og:type\" content=\"article\" \/>\n<meta property=\"og:title\" content=\"M\u00e9todo HR3 - Cl\u00ednica Nexus\" \/>\n<meta property=\"og:description\" content=\"A Nexus comptem amb les millors f\u00f3rmules innovadores d&#039;est\u00e8tica avan\u00e7ada i micropigmentaci\u00f3.\" \/>\n<meta property=\"og:url\" content=\"https:\/\/grupnexus.com\/es\/tratamientos\/unidad-capilar\/metodo-hr3\/\" \/>\n<meta property=\"og:site_name\" content=\"Cl\u00ednica Nexus\" \/>\n<meta property=\"article:modified_time\" content=\"2019-07-23T09:41:39+00:00\" \/>\n<meta property=\"og:image\" content=\"https:\/\/grupnexus.com\/wp-content\/uploads\/2019\/06\/unitat-capilar-diodes-laser.jpg\" \/>\n<meta name=\"twitter:card\" content=\"summary\" \/>\n<meta name=\"twitter:label1\" content=\"Tiempo de lectura\" \/>\n\t<meta name=\"twitter:data1\" content=\"3 minutos\" \/>\n<script type=\"application\/ld+json\" class=\"yoast-schema-graph\">{\"@context\":\"https:\/\/schema.org\",\"@graph\":[{\"@type\":\"WebSite\",\"@id\":\"https:\/\/grupnexus.com\/es\/#website\",\"url\":\"https:\/\/grupnexus.com\/es\/\",\"name\":\"Cl\u00ednica Nexus\",\"description\":\"L\u00edders en Medicina Est\u00e8tica Avan\u00e7ada\",\"potentialAction\":[{\"@type\":\"SearchAction\",\"target\":{\"@type\":\"EntryPoint\",\"urlTemplate\":\"https:\/\/grupnexus.com\/es\/?s={search_term_string}\"},\"query-input\":\"required name=search_term_string\"}],\"inLanguage\":\"es\"},{\"@type\":\"ImageObject\",\"@id\":\"https:\/\/grupnexus.com\/es\/tratamientos\/unidad-capilar\/metodo-hr3\/#primaryimage\",\"inLanguage\":\"es\",\"url\":\"https:\/\/grupnexus.com\/wp-content\/uploads\/2019\/06\/unitat-capilar-diodes-laser.jpg\",\"contentUrl\":\"https:\/\/grupnexus.com\/wp-content\/uploads\/2019\/06\/unitat-capilar-diodes-laser.jpg\",\"width\":377,\"height\":229},{\"@type\":\"WebPage\",\"@id\":\"https:\/\/grupnexus.com\/es\/tratamientos\/unidad-capilar\/metodo-hr3\/#webpage\",\"url\":\"https:\/\/grupnexus.com\/es\/tratamientos\/unidad-capilar\/metodo-hr3\/\",\"name\":\"M\u00e9todo HR3 - Cl\u00ednica Nexus\",\"isPartOf\":{\"@id\":\"https:\/\/grupnexus.com\/es\/#website\"},\"primaryImageOfPage\":{\"@id\":\"https:\/\/grupnexus.com\/es\/tratamientos\/unidad-capilar\/metodo-hr3\/#primaryimage\"},\"datePublished\":\"2019-06-20T14:12:51+00:00\",\"dateModified\":\"2019-07-23T09:41:39+00:00\",\"description\":\"A Nexus comptem amb les millors f\u00f3rmules innovadores d'est\u00e8tica avan\u00e7ada i micropigmentaci\u00f3.\",\"breadcrumb\":{\"@id\":\"https:\/\/grupnexus.com\/es\/tratamientos\/unidad-capilar\/metodo-hr3\/#breadcrumb\"},\"inLanguage\":\"es\",\"potentialAction\":[{\"@type\":\"ReadAction\",\"target\":[\"https:\/\/grupnexus.com\/es\/tratamientos\/unidad-capilar\/metodo-hr3\/\"]}]},{\"@type\":\"BreadcrumbList\",\"@id\":\"https:\/\/grupnexus.com\/es\/tratamientos\/unidad-capilar\/metodo-hr3\/#breadcrumb\",\"itemListElement\":[{\"@type\":\"ListItem\",\"position\":1,\"name\":\"Portada\",\"item\":\"https:\/\/grupnexus.com\/es\/\"},{\"@type\":\"ListItem\",\"position\":2,\"name\":\"Tratamientos\",\"item\":\"https:\/\/grupnexus.com\/es\/tratamientos\/\"},{\"@type\":\"ListItem\",\"position\":3,\"name\":\"Unidad Capilar\",\"item\":\"https:\/\/grupnexus.com\/es\/tratamientos\/unidad-capilar\/\"},{\"@type\":\"ListItem\",\"position\":4,\"name\":\"M\u00e9todo HR3\"}]}]}<\/script>\n<!-- \/ Yoast SEO plugin. -->","yoast_head_json":{"title":"M\u00e9todo HR3 - Cl\u00ednica Nexus","description":"A Nexus comptem amb les millors f\u00f3rmules innovadores d'est\u00e8tica avan\u00e7ada i micropigmentaci\u00f3.","robots":{"index":"index","follow":"follow","max-snippet":"max-snippet:-1","max-image-preview":"max-image-preview:large","max-video-preview":"max-video-preview:-1"},"canonical":"https:\/\/grupnexus.com\/es\/tratamientos\/unidad-capilar\/metodo-hr3\/","og_locale":"es_ES","og_type":"article","og_title":"M\u00e9todo HR3 - Cl\u00ednica Nexus","og_description":"A Nexus comptem amb les millors f\u00f3rmules innovadores d'est\u00e8tica avan\u00e7ada i micropigmentaci\u00f3.","og_url":"https:\/\/grupnexus.com\/es\/tratamientos\/unidad-capilar\/metodo-hr3\/","og_site_name":"Cl\u00ednica Nexus","article_modified_time":"2019-07-23T09:41:39+00:00","og_image":[{"url":"https:\/\/grupnexus.com\/wp-content\/uploads\/2019\/06\/unitat-capilar-diodes-laser.jpg"}],"twitter_card":"summary","twitter_misc":{"Tiempo de lectura":"3 minutos"},"schema":{"@context":"https:\/\/schema.org","@graph":[{"@type":"WebSite","@id":"https:\/\/grupnexus.com\/es\/#website","url":"https:\/\/grupnexus.com\/es\/","name":"Cl\u00ednica Nexus","description":"L\u00edders en Medicina Est\u00e8tica Avan\u00e7ada","potentialAction":[{"@type":"SearchAction","target":{"@type":"EntryPoint","urlTemplate":"https:\/\/grupnexus.com\/es\/?s={search_term_string}"},"query-input":"required name=search_term_string"}],"inLanguage":"es"},{"@type":"ImageObject","@id":"https:\/\/grupnexus.com\/es\/tratamientos\/unidad-capilar\/metodo-hr3\/#primaryimage","inLanguage":"es","url":"https:\/\/grupnexus.com\/wp-content\/uploads\/2019\/06\/unitat-capilar-diodes-laser.jpg","contentUrl":"https:\/\/grupnexus.com\/wp-content\/uploads\/2019\/06\/unitat-capilar-diodes-laser.jpg","width":377,"height":229},{"@type":"WebPage","@id":"https:\/\/grupnexus.com\/es\/tratamientos\/unidad-capilar\/metodo-hr3\/#webpage","url":"https:\/\/grupnexus.com\/es\/tratamientos\/unidad-capilar\/metodo-hr3\/","name":"M\u00e9todo HR3 - Cl\u00ednica Nexus","isPartOf":{"@id":"https:\/\/grupnexus.com\/es\/#website"},"primaryImageOfPage":{"@id":"https:\/\/grupnexus.com\/es\/tratamientos\/unidad-capilar\/metodo-hr3\/#primaryimage"},"datePublished":"2019-06-20T14:12:51+00:00","dateModified":"2019-07-23T09:41:39+00:00","description":"A Nexus comptem amb les millors f\u00f3rmules innovadores d'est\u00e8tica avan\u00e7ada i micropigmentaci\u00f3.","breadcrumb":{"@id":"https:\/\/grupnexus.com\/es\/tratamientos\/unidad-capilar\/metodo-hr3\/#breadcrumb"},"inLanguage":"es","potentialAction":[{"@type":"ReadAction","target":["https:\/\/grupnexus.com\/es\/tratamientos\/unidad-capilar\/metodo-hr3\/"]}]},{"@type":"BreadcrumbList","@id":"https:\/\/grupnexus.com\/es\/tratamientos\/unidad-capilar\/metodo-hr3\/#breadcrumb","itemListElement":[{"@type":"ListItem","position":1,"name":"Portada","item":"https:\/\/grupnexus.com\/es\/"},{"@type":"ListItem","position":2,"name":"Tratamientos","item":"https:\/\/grupnexus.com\/es\/tratamientos\/"},{"@type":"ListItem","position":3,"name":"Unidad Capilar","item":"https:\/\/grupnexus.com\/es\/tratamientos\/unidad-capilar\/"},{"@type":"ListItem","position":4,"name":"M\u00e9todo HR3"}]}]}},"_links":{"self":[{"href":"https:\/\/grupnexus.com\/es\/wp-json\/wp\/v2\/pages\/27416"}],"collection":[{"href":"https:\/\/grupnexus.com\/es\/wp-json\/wp\/v2\/pages"}],"about":[{"href":"https:\/\/grupnexus.com\/es\/wp-json\/wp\/v2\/types\/page"}],"author":[{"embeddable":true,"href":"https:\/\/grupnexus.com\/es\/wp-json\/wp\/v2\/users\/6"}],"replies":[{"embeddable":true,"href":"https:\/\/grupnexus.com\/es\/wp-json\/wp\/v2\/comments?post=27416"}],"version-history":[{"count":3,"href":"https:\/\/grupnexus.com\/es\/wp-json\/wp\/v2\/pages\/27416\/revisions"}],"predecessor-version":[{"id":28821,"href":"https:\/\/grupnexus.com\/es\/wp-json\/wp\/v2\/pages\/27416\/revisions\/28821"}],"up":[{"embeddable":true,"href":"https:\/\/grupnexus.com\/es\/wp-json\/wp\/v2\/pages\/14582"}],"wp:attachment":[{"href":"https:\/\/grupnexus.com\/es\/wp-json\/wp\/v2\/media?parent=27416"}],"curies":[{"name":"wp","href":"https:\/\/api.w.org\/{rel}","templated":true}]}}

Método HR3

<div class="row "><div class="wpv-grid grid-3-4  wpv-first-level first unextended" style="padding-top:0px;padding-bottom:0px" id="wpv-column-891d77eb8bbcc0fd1af52be9ef00eab4" >		<h2 class="text-divider-double">			
Método HR3<br />
		</h2>		<div class="sep"></div>	</div>
<div class="wpv-grid grid-1-4  wpv-first-level unextended" style="padding-top:0px;padding-bottom:0px" id="wpv-column-71ab40b71b82db8b266fad9a787d4c1e" ><div class="push" style='height:44px'></div>
<!-- Widget Shortcode --><div id="search-11" class="widget widget_search widget-shortcode area-wpv_sidebar-tractament-est-facial-cat-left "><form role="search" method="get" class="searchform clearfix" action="https://grupnexus.com/es/">
	<label for="search-text-widget" class="visuallyhidden">Search for:</label>
	<input id="search-text-widget" type="text" value="" name="s" placeholder="Buscar" required="required" />
	<input type="submit" value="Buscar" />
			<input type="hidden" name="lang" value="es"/>
	</form></div><!-- /Widget Shortcode --></div></div>
<div class="row "><div class="wpv-grid grid-1-4  wpv-first-level first unextended" style="padding-top:0px;padding-bottom:0px" id="wpv-column-0c06ad1d686b6ee720b2fa80b9b35f85" ><!-- Widget Shortcode --><!-- /Widget Shortcode --></div>
<div class="wpv-grid grid-3-4  wpv-first-level unextended" style="padding-top:0px;padding-bottom:0px" id="wpv-column-424c66ca5014688486d82baf2cd0b6cb" ><p><img loading="lazy" class="wp-image-27396 alignleft" src="https://grupnexus.com/wp-content/uploads/2019/06/unitat-capilar-diodes-laser.jpg" alt="" width="463" height="281" srcset="https://grupnexus.com/wp-content/uploads/2019/06/unitat-capilar-diodes-laser.jpg 377w, https://grupnexus.com/wp-content/uploads/2019/06/unitat-capilar-diodes-laser-300x182.jpg 300w, https://grupnexus.com/wp-content/uploads/2019/06/unitat-capilar-diodes-laser-360x219.jpg 360w, https://grupnexus.com/wp-content/uploads/2019/06/unitat-capilar-diodes-laser-262x159.jpg 262w" sizes="(max-width: 463px) 100vw, 463px" /></p>
<div class="row "><div class="wpv-grid grid-1-1  first unextended" style="padding-top:0px;padding-bottom:0px" id="wpv-column-915cf14b141206367cc80e942f6575d6" ><p>HR3 es un método regenerador que trata la caída del cabello y consigue su crecimiento en hombres y mujeres en 3 fases, en las que intervienen activamente el médico y el paciente de forma sincronizada.</p>
<p><strong>Fase 1</strong>: diagnóstico del tipo de alopecia<br />
<strong>Fase 2</strong>: tratamiento domiciliario con HR3, un casco discreto en forma de gorra, que permite, de forma fácil y cómoda, lleva a cabo el tratamiento desde casa.</p>
<p>Este innovador dispositivo consta de 246 diodos o luces de baja potencia, más conocidas como LLLT (Low Level Laser Therapy). La exposición diaria de la zona capilar afectada a este láser de baja potencia, consigue que las células que intervienen en el proceso fisiológico de crecimiento del pelo trabajen de forma óptima, estimulando de manera activa la restauración del cabello y recuperando progresivamente el dinamismo de las diferentes fases del crecimiento del pelo y, por tanto, frenando la caída del cabello y el proceso de alopecia.</p>
<p><strong>Fase</strong> <strong>3</strong>: tratamiento nutricosmética con Hairox Plus, un nutracéutico exclusivo y de gran pureza indicado en el tratamiento de la caída del cabello, que aporta grandes concentraciones de un grupo de aminoácidos esenciales, habitualmente deficientes en la dieta y que son necesarios para un adecuado estado del folículo pilosebáceo.</p>
<p>Este suplemento para el cabello trata la alopecia androgenética, desnutricional, estacional y causada por estrés.</div></div></div></div>
<div class="sep"></div>
<div class="row "><div class="wpv-grid grid-1-1  wpv-first-level first unextended" style="padding-top:0px;padding-bottom:0px" id="wpv-column-a8dadc6bd76eafef2ac878d04df053d9" ><p><strong><span class="buscar">Potser estava buscant:</span></strong><br />
<span class="paraules">Método HR3 Lleida, Diodos Láser en formato gorra Lleida</span></div></div>

<p>HR3 es un método regenerador que trata la caída del cabello y consigue su crecimiento en hombres y mujeres en 3 fases, en las que intervienen activamente el médico y el paciente de forma sincronizada. Fase 1: diagnóstico del tipo de alopecia Fase 2: tratamiento domiciliario con HR3, un casco discreto en forma de gorra,&#8230;</p>

<!-- This site is optimized with the Yoast SEO plugin v18.6 - https://yoast.com/wordpress/plugins/seo/ -->
<title>Método HR3 - Clínica Nexus</title>
<meta name="description" content="A Nexus comptem amb les millors fórmules innovadores d&#039;estètica avançada i micropigmentació." />
<meta name="robots" content="index, follow, max-snippet:-1, max-image-preview:large, max-video-preview:-1" />
<link rel="canonical" href="https://grupnexus.com/es/tratamientos/unidad-capilar/metodo-hr3/" />
<meta property="og:locale" content="es_ES" />
<meta property="og:type" content="article" />
<meta property="og:title" content="Método HR3 - Clínica Nexus" />
<meta property="og:description" content="A Nexus comptem amb les millors fórmules innovadores d&#039;estètica avançada i micropigmentació." />
<meta property="og:url" content="https://grupnexus.com/es/tratamientos/unidad-capilar/metodo-hr3/" />
<meta property="og:site_name" content="Clínica Nexus" />
<meta property="article:modified_time" content="2019-07-23T09:41:39+00:00" />
<meta property="og:image" content="https://grupnexus.com/wp-content/uploads/2019/06/unitat-capilar-diodes-laser.jpg" />
<meta name="twitter:card" content="summary" />
<meta name="twitter:label1" content="Tiempo de lectura" />
	<meta name="twitter:data1" content="3 minutos" />
<script type="application/ld+json" class="yoast-schema-graph">{"@context":"https://schema.org","@graph":[{"@type":"WebSite","@id":"https://grupnexus.com/es/#website","url":"https://grupnexus.com/es/","name":"Clínica Nexus","description":"Líders en Medicina Estètica Avançada","potentialAction":[{"@type":"SearchAction","target":{"@type":"EntryPoint","urlTemplate":"https://grupnexus.com/es/?s={search_term_string}"},"query-input":"required name=search_term_string"}],"inLanguage":"es"},{"@type":"ImageObject","@id":"https://grupnexus.com/es/tratamientos/unidad-capilar/metodo-hr3/#primaryimage","inLanguage":"es","url":"https://grupnexus.com/wp-content/uploads/2019/06/unitat-capilar-diodes-laser.jpg","contentUrl":"https://grupnexus.com/wp-content/uploads/2019/06/unitat-capilar-diodes-laser.jpg","width":377,"height":229},{"@type":"WebPage","@id":"https://grupnexus.com/es/tratamientos/unidad-capilar/metodo-hr3/#webpage","url":"https://grupnexus.com/es/tratamientos/unidad-capilar/metodo-hr3/","name":"Método HR3 - Clínica Nexus","isPartOf":{"@id":"https://grupnexus.com/es/#website"},"primaryImageOfPage":{"@id":"https://grupnexus.com/es/tratamientos/unidad-capilar/metodo-hr3/#primaryimage"},"datePublished":"2019-06-20T14:12:51+00:00","dateModified":"2019-07-23T09:41:39+00:00","description":"A Nexus comptem amb les millors fórmules innovadores d'estètica avançada i micropigmentació.","breadcrumb":{"@id":"https://grupnexus.com/es/tratamientos/unidad-capilar/metodo-hr3/#breadcrumb"},"inLanguage":"es","potentialAction":[{"@type":"ReadAction","target":["https://grupnexus.com/es/tratamientos/unidad-capilar/metodo-hr3/"]}]},{"@type":"BreadcrumbList","@id":"https://grupnexus.com/es/tratamientos/unidad-capilar/metodo-hr3/#breadcrumb","itemListElement":[{"@type":"ListItem","position":1,"name":"Portada","item":"https://grupnexus.com/es/"},{"@type":"ListItem","position":2,"name":"Tratamientos","item":"https://grupnexus.com/es/tratamientos/"},{"@type":"ListItem","position":3,"name":"Unidad Capilar","item":"https://grupnexus.com/es/tratamientos/unidad-capilar/"},{"@type":"ListItem","position":4,"name":"Método HR3"}]}]}</script>
<!-- / Yoast SEO plugin. -->

Método HR3 - Clínica Nexus

A Nexus comptem amb les millors fórmules innovadores d'estètica avançada i micropigmentació.

Clínica Nexus

Líders en Medicina Estètica Avançada
