{"id":27421,"date":"2019-06-20T16:21:50","date_gmt":"2019-06-20T14:21:50","guid":{"rendered":"https:\/\/www.grupnexus.com\/?page_id=27421"},"modified":"2019-07-23T11:42:32","modified_gmt":"2019-07-23T09:42:32","slug":"nutricosmetica","status":"publish","type":"page","link":"https:\/\/grupnexus.com\/es\/tratamientos\/unidad-capilar\/nutricosmetica\/","title":{"rendered":"Nutricosm\u00e9tica"},"content":{"rendered":"<div class=\"row \"><div class=\"wpv-grid grid-3-4  wpv-first-level first unextended\" style=\"padding-top:0px;padding-bottom:0px\" id=\"wpv-column-f336bb933ddac5926acd36df1cfef7c5\" >\t\t<h2 class=\"text-divider-double\">\t\t\t\nNutricosm\u00e9tica<br \/>\n\t\t<\/h2>\t\t<div class=\"sep\"><\/div>\t<\/div>\n<div class=\"wpv-grid grid-1-4  wpv-first-level unextended\" style=\"padding-top:0px;padding-bottom:0px\" id=\"wpv-column-5f7901470d4349f06f9d53f6b650d4bf\" ><div class=\"push\" style='height:44px'><\/div>\n<!-- Widget Shortcode --><div id=\"search-11\" class=\"widget widget_search widget-shortcode area-wpv_sidebar-tractament-est-facial-cat-left \"><form role=\"search\" method=\"get\" class=\"searchform clearfix\" action=\"https:\/\/grupnexus.com\/es\/\">\n\t<label for=\"search-text-widget\" class=\"visuallyhidden\">Search for:<\/label>\n\t<input id=\"search-text-widget\" type=\"text\" value=\"\" name=\"s\" placeholder=\"Buscar\" required=\"required\" \/>\n\t<input type=\"submit\" value=\"Buscar\" \/>\n\t\t\t<input type=\"hidden\" name=\"lang\" value=\"es\"\/>\n\t<\/form><\/div><!-- \/Widget Shortcode --><\/div><\/div>\n<div class=\"row \"><div class=\"wpv-grid grid-1-4  wpv-first-level first unextended\" style=\"padding-top:0px;padding-bottom:0px\" id=\"wpv-column-51e38e049d57c77a32584f7793b7f3ae\" ><!-- Widget Shortcode --><!-- \/Widget Shortcode --><\/div>\n<div class=\"wpv-grid grid-3-4  wpv-first-level unextended\" style=\"padding-top:0px;padding-bottom:0px\" id=\"wpv-column-e4ecf0c89de558122b1cc5f7df39b04b\" ><p><img loading=\"lazy\" class=\"alignleft wp-image-27399\" src=\"https:\/\/grupnexus.com\/wp-content\/uploads\/2019\/06\/unitat-capilar-nutricosmetica.jpg\" alt=\"\" width=\"463\" height=\"281\" srcset=\"https:\/\/grupnexus.com\/wp-content\/uploads\/2019\/06\/unitat-capilar-nutricosmetica.jpg 377w, https:\/\/grupnexus.com\/wp-content\/uploads\/2019\/06\/unitat-capilar-nutricosmetica-300x182.jpg 300w, https:\/\/grupnexus.com\/wp-content\/uploads\/2019\/06\/unitat-capilar-nutricosmetica-360x219.jpg 360w, https:\/\/grupnexus.com\/wp-content\/uploads\/2019\/06\/unitat-capilar-nutricosmetica-262x159.jpg 262w\" sizes=\"(max-width: 463px) 100vw, 463px\" \/><\/p>\n<div class=\"row \"><div class=\"wpv-grid grid-1-1  first unextended\" style=\"padding-top:0px;padding-bottom:0px\" id=\"wpv-column-ddec5c0007fe944e32f304f389ef8695\" ><p>Un cabello d\u00e9bil, quebradizo y sin brillo es uno de los signos inequ\u00edvocos de deficiencias nutricionales, y por tanto, hay que complementar nuestra dieta con los nutrientes adecuados a trav\u00e9s de la nutricosm\u00e9tica. Esta debe incluir amino\u00e1cidos, vitaminas y minerales necesarios.<\/p>\n<p>Por lo menos, la alimentaci\u00f3n es el principal factor que ayuda a mantener un cabello sano y fuerte. Consulta nuestros profesionales en diet\u00e9tica y nutrici\u00f3n, ellos te har\u00e1n un estudio, an\u00e1lisis y diagn\u00f3stico de posibles d\u00e9ficits y requerimientos nutricionales.<\/p>\n<p>M\u00e9todos quir\u00fargicos.<\/p>\n<p>Implantes capilares con la tecnolog\u00eda m\u00e1s avanzada.<\/div><\/div><\/div><\/div>\n<div class=\"sep\"><\/div>\n<div class=\"row \"><div class=\"wpv-grid grid-1-1  wpv-first-level first unextended\" style=\"padding-top:0px;padding-bottom:0px\" id=\"wpv-column-174f4bbf3955344f4f32ec474e0d1a79\" ><p><strong><span class=\"buscar\">Potser estava buscant:<\/span><\/strong><br \/>\n<span class=\"paraules\">Nutricosm\u00e9tica, Nutricosm\u00e9tica Lleida<\/span><\/div><\/div>\n","protected":false},"excerpt":{"rendered":"<p>Un cabello d\u00e9bil, quebradizo y sin brillo es uno de los signos inequ\u00edvocos de deficiencias nutricionales, y por tanto, hay que complementar nuestra dieta con los nutrientes adecuados a trav\u00e9s de la nutricosm\u00e9tica. Esta debe incluir amino\u00e1cidos, vitaminas y minerales necesarios. Por lo menos, la alimentaci\u00f3n es el principal factor que ayuda a mantener un&#8230;<\/p>\n","protected":false},"author":6,"featured_media":0,"parent":14582,"menu_order":0,"comment_status":"closed","ping_status":"closed","template":"","meta":[],"yoast_head":"<!-- This site is optimized with the Yoast SEO plugin v18.6 - https:\/\/yoast.com\/wordpress\/plugins\/seo\/ -->\n<title>Nutricosm\u00e9tica - Cl\u00ednica Nexus<\/title>\n<meta name=\"description\" content=\"A Nexus comptem amb les millors f\u00f3rmules innovadores d&#039;est\u00e8tica avan\u00e7ada i micropigmentaci\u00f3.\" \/>\n<meta name=\"robots\" content=\"index, follow, max-snippet:-1, max-image-preview:large, max-video-preview:-1\" \/>\n<link rel=\"canonical\" href=\"https:\/\/grupnexus.com\/es\/tratamientos\/unidad-capilar\/nutricosmetica\/\" \/>\n<meta property=\"og:locale\" content=\"es_ES\" \/>\n<meta property=\"og:type\" content=\"article\" \/>\n<meta property=\"og:title\" content=\"Nutricosm\u00e9tica - Cl\u00ednica Nexus\" \/>\n<meta property=\"og:description\" content=\"A Nexus comptem amb les millors f\u00f3rmules innovadores d&#039;est\u00e8tica avan\u00e7ada i micropigmentaci\u00f3.\" \/>\n<meta property=\"og:url\" content=\"https:\/\/grupnexus.com\/es\/tratamientos\/unidad-capilar\/nutricosmetica\/\" \/>\n<meta property=\"og:site_name\" content=\"Cl\u00ednica Nexus\" \/>\n<meta property=\"article:modified_time\" content=\"2019-07-23T09:42:32+00:00\" \/>\n<meta property=\"og:image\" content=\"https:\/\/grupnexus.com\/wp-content\/uploads\/2019\/06\/unitat-capilar-nutricosmetica.jpg\" \/>\n<meta name=\"twitter:card\" content=\"summary\" \/>\n<meta name=\"twitter:label1\" content=\"Tiempo de lectura\" \/>\n\t<meta name=\"twitter:data1\" content=\"2 minutos\" \/>\n<script type=\"application\/ld+json\" class=\"yoast-schema-graph\">{\"@context\":\"https:\/\/schema.org\",\"@graph\":[{\"@type\":\"WebSite\",\"@id\":\"https:\/\/grupnexus.com\/es\/#website\",\"url\":\"https:\/\/grupnexus.com\/es\/\",\"name\":\"Cl\u00ednica Nexus\",\"description\":\"L\u00edders en Medicina Est\u00e8tica Avan\u00e7ada\",\"potentialAction\":[{\"@type\":\"SearchAction\",\"target\":{\"@type\":\"EntryPoint\",\"urlTemplate\":\"https:\/\/grupnexus.com\/es\/?s={search_term_string}\"},\"query-input\":\"required name=search_term_string\"}],\"inLanguage\":\"es\"},{\"@type\":\"ImageObject\",\"@id\":\"https:\/\/grupnexus.com\/es\/tratamientos\/unidad-capilar\/nutricosmetica\/#primaryimage\",\"inLanguage\":\"es\",\"url\":\"https:\/\/grupnexus.com\/wp-content\/uploads\/2019\/06\/unitat-capilar-nutricosmetica.jpg\",\"contentUrl\":\"https:\/\/grupnexus.com\/wp-content\/uploads\/2019\/06\/unitat-capilar-nutricosmetica.jpg\",\"width\":377,\"height\":229},{\"@type\":\"WebPage\",\"@id\":\"https:\/\/grupnexus.com\/es\/tratamientos\/unidad-capilar\/nutricosmetica\/#webpage\",\"url\":\"https:\/\/grupnexus.com\/es\/tratamientos\/unidad-capilar\/nutricosmetica\/\",\"name\":\"Nutricosm\u00e9tica - Cl\u00ednica Nexus\",\"isPartOf\":{\"@id\":\"https:\/\/grupnexus.com\/es\/#website\"},\"primaryImageOfPage\":{\"@id\":\"https:\/\/grupnexus.com\/es\/tratamientos\/unidad-capilar\/nutricosmetica\/#primaryimage\"},\"datePublished\":\"2019-06-20T14:21:50+00:00\",\"dateModified\":\"2019-07-23T09:42:32+00:00\",\"description\":\"A Nexus comptem amb les millors f\u00f3rmules innovadores d'est\u00e8tica avan\u00e7ada i micropigmentaci\u00f3.\",\"breadcrumb\":{\"@id\":\"https:\/\/grupnexus.com\/es\/tratamientos\/unidad-capilar\/nutricosmetica\/#breadcrumb\"},\"inLanguage\":\"es\",\"potentialAction\":[{\"@type\":\"ReadAction\",\"target\":[\"https:\/\/grupnexus.com\/es\/tratamientos\/unidad-capilar\/nutricosmetica\/\"]}]},{\"@type\":\"BreadcrumbList\",\"@id\":\"https:\/\/grupnexus.com\/es\/tratamientos\/unidad-capilar\/nutricosmetica\/#breadcrumb\",\"itemListElement\":[{\"@type\":\"ListItem\",\"position\":1,\"name\":\"Portada\",\"item\":\"https:\/\/grupnexus.com\/es\/\"},{\"@type\":\"ListItem\",\"position\":2,\"name\":\"Tratamientos\",\"item\":\"https:\/\/grupnexus.com\/es\/tratamientos\/\"},{\"@type\":\"ListItem\",\"position\":3,\"name\":\"Unidad Capilar\",\"item\":\"https:\/\/grupnexus.com\/es\/tratamientos\/unidad-capilar\/\"},{\"@type\":\"ListItem\",\"position\":4,\"name\":\"Nutricosm\u00e9tica\"}]}]}<\/script>\n<!-- \/ Yoast SEO plugin. -->","yoast_head_json":{"title":"Nutricosm\u00e9tica - Cl\u00ednica Nexus","description":"A Nexus comptem amb les millors f\u00f3rmules innovadores d'est\u00e8tica avan\u00e7ada i micropigmentaci\u00f3.","robots":{"index":"index","follow":"follow","max-snippet":"max-snippet:-1","max-image-preview":"max-image-preview:large","max-video-preview":"max-video-preview:-1"},"canonical":"https:\/\/grupnexus.com\/es\/tratamientos\/unidad-capilar\/nutricosmetica\/","og_locale":"es_ES","og_type":"article","og_title":"Nutricosm\u00e9tica - Cl\u00ednica Nexus","og_description":"A Nexus comptem amb les millors f\u00f3rmules innovadores d'est\u00e8tica avan\u00e7ada i micropigmentaci\u00f3.","og_url":"https:\/\/grupnexus.com\/es\/tratamientos\/unidad-capilar\/nutricosmetica\/","og_site_name":"Cl\u00ednica Nexus","article_modified_time":"2019-07-23T09:42:32+00:00","og_image":[{"url":"https:\/\/grupnexus.com\/wp-content\/uploads\/2019\/06\/unitat-capilar-nutricosmetica.jpg"}],"twitter_card":"summary","twitter_misc":{"Tiempo de lectura":"2 minutos"},"schema":{"@context":"https:\/\/schema.org","@graph":[{"@type":"WebSite","@id":"https:\/\/grupnexus.com\/es\/#website","url":"https:\/\/grupnexus.com\/es\/","name":"Cl\u00ednica Nexus","description":"L\u00edders en Medicina Est\u00e8tica Avan\u00e7ada","potentialAction":[{"@type":"SearchAction","target":{"@type":"EntryPoint","urlTemplate":"https:\/\/grupnexus.com\/es\/?s={search_term_string}"},"query-input":"required name=search_term_string"}],"inLanguage":"es"},{"@type":"ImageObject","@id":"https:\/\/grupnexus.com\/es\/tratamientos\/unidad-capilar\/nutricosmetica\/#primaryimage","inLanguage":"es","url":"https:\/\/grupnexus.com\/wp-content\/uploads\/2019\/06\/unitat-capilar-nutricosmetica.jpg","contentUrl":"https:\/\/grupnexus.com\/wp-content\/uploads\/2019\/06\/unitat-capilar-nutricosmetica.jpg","width":377,"height":229},{"@type":"WebPage","@id":"https:\/\/grupnexus.com\/es\/tratamientos\/unidad-capilar\/nutricosmetica\/#webpage","url":"https:\/\/grupnexus.com\/es\/tratamientos\/unidad-capilar\/nutricosmetica\/","name":"Nutricosm\u00e9tica - Cl\u00ednica Nexus","isPartOf":{"@id":"https:\/\/grupnexus.com\/es\/#website"},"primaryImageOfPage":{"@id":"https:\/\/grupnexus.com\/es\/tratamientos\/unidad-capilar\/nutricosmetica\/#primaryimage"},"datePublished":"2019-06-20T14:21:50+00:00","dateModified":"2019-07-23T09:42:32+00:00","description":"A Nexus comptem amb les millors f\u00f3rmules innovadores d'est\u00e8tica avan\u00e7ada i micropigmentaci\u00f3.","breadcrumb":{"@id":"https:\/\/grupnexus.com\/es\/tratamientos\/unidad-capilar\/nutricosmetica\/#breadcrumb"},"inLanguage":"es","potentialAction":[{"@type":"ReadAction","target":["https:\/\/grupnexus.com\/es\/tratamientos\/unidad-capilar\/nutricosmetica\/"]}]},{"@type":"BreadcrumbList","@id":"https:\/\/grupnexus.com\/es\/tratamientos\/unidad-capilar\/nutricosmetica\/#breadcrumb","itemListElement":[{"@type":"ListItem","position":1,"name":"Portada","item":"https:\/\/grupnexus.com\/es\/"},{"@type":"ListItem","position":2,"name":"Tratamientos","item":"https:\/\/grupnexus.com\/es\/tratamientos\/"},{"@type":"ListItem","position":3,"name":"Unidad Capilar","item":"https:\/\/grupnexus.com\/es\/tratamientos\/unidad-capilar\/"},{"@type":"ListItem","position":4,"name":"Nutricosm\u00e9tica"}]}]}},"_links":{"self":[{"href":"https:\/\/grupnexus.com\/es\/wp-json\/wp\/v2\/pages\/27421"}],"collection":[{"href":"https:\/\/grupnexus.com\/es\/wp-json\/wp\/v2\/pages"}],"about":[{"href":"https:\/\/grupnexus.com\/es\/wp-json\/wp\/v2\/types\/page"}],"author":[{"embeddable":true,"href":"https:\/\/grupnexus.com\/es\/wp-json\/wp\/v2\/users\/6"}],"replies":[{"embeddable":true,"href":"https:\/\/grupnexus.com\/es\/wp-json\/wp\/v2\/comments?post=27421"}],"version-history":[{"count":2,"href":"https:\/\/grupnexus.com\/es\/wp-json\/wp\/v2\/pages\/27421\/revisions"}],"predecessor-version":[{"id":28822,"href":"https:\/\/grupnexus.com\/es\/wp-json\/wp\/v2\/pages\/27421\/revisions\/28822"}],"up":[{"embeddable":true,"href":"https:\/\/grupnexus.com\/es\/wp-json\/wp\/v2\/pages\/14582"}],"wp:attachment":[{"href":"https:\/\/grupnexus.com\/es\/wp-json\/wp\/v2\/media?parent=27421"}],"curies":[{"name":"wp","href":"https:\/\/api.w.org\/{rel}","templated":true}]}}

Nutricosmética

<div class="row "><div class="wpv-grid grid-3-4  wpv-first-level first unextended" style="padding-top:0px;padding-bottom:0px" id="wpv-column-f336bb933ddac5926acd36df1cfef7c5" >		<h2 class="text-divider-double">			
Nutricosmética<br />
		</h2>		<div class="sep"></div>	</div>
<div class="wpv-grid grid-1-4  wpv-first-level unextended" style="padding-top:0px;padding-bottom:0px" id="wpv-column-5f7901470d4349f06f9d53f6b650d4bf" ><div class="push" style='height:44px'></div>
<!-- Widget Shortcode --><div id="search-11" class="widget widget_search widget-shortcode area-wpv_sidebar-tractament-est-facial-cat-left "><form role="search" method="get" class="searchform clearfix" action="https://grupnexus.com/es/">
	<label for="search-text-widget" class="visuallyhidden">Search for:</label>
	<input id="search-text-widget" type="text" value="" name="s" placeholder="Buscar" required="required" />
	<input type="submit" value="Buscar" />
			<input type="hidden" name="lang" value="es"/>
	</form></div><!-- /Widget Shortcode --></div></div>
<div class="row "><div class="wpv-grid grid-1-4  wpv-first-level first unextended" style="padding-top:0px;padding-bottom:0px" id="wpv-column-51e38e049d57c77a32584f7793b7f3ae" ><!-- Widget Shortcode --><!-- /Widget Shortcode --></div>
<div class="wpv-grid grid-3-4  wpv-first-level unextended" style="padding-top:0px;padding-bottom:0px" id="wpv-column-e4ecf0c89de558122b1cc5f7df39b04b" ><p><img loading="lazy" class="alignleft wp-image-27399" src="https://grupnexus.com/wp-content/uploads/2019/06/unitat-capilar-nutricosmetica.jpg" alt="" width="463" height="281" srcset="https://grupnexus.com/wp-content/uploads/2019/06/unitat-capilar-nutricosmetica.jpg 377w, https://grupnexus.com/wp-content/uploads/2019/06/unitat-capilar-nutricosmetica-300x182.jpg 300w, https://grupnexus.com/wp-content/uploads/2019/06/unitat-capilar-nutricosmetica-360x219.jpg 360w, https://grupnexus.com/wp-content/uploads/2019/06/unitat-capilar-nutricosmetica-262x159.jpg 262w" sizes="(max-width: 463px) 100vw, 463px" /></p>
<div class="row "><div class="wpv-grid grid-1-1  first unextended" style="padding-top:0px;padding-bottom:0px" id="wpv-column-ddec5c0007fe944e32f304f389ef8695" ><p>Un cabello débil, quebradizo y sin brillo es uno de los signos inequívocos de deficiencias nutricionales, y por tanto, hay que complementar nuestra dieta con los nutrientes adecuados a través de la nutricosmética. Esta debe incluir aminoácidos, vitaminas y minerales necesarios.</p>
<p>Por lo menos, la alimentación es el principal factor que ayuda a mantener un cabello sano y fuerte. Consulta nuestros profesionales en dietética y nutrición, ellos te harán un estudio, análisis y diagnóstico de posibles déficits y requerimientos nutricionales.</p>
<p>Métodos quirúrgicos.</p>
<p>Implantes capilares con la tecnología más avanzada.</div></div></div></div>
<div class="sep"></div>
<div class="row "><div class="wpv-grid grid-1-1  wpv-first-level first unextended" style="padding-top:0px;padding-bottom:0px" id="wpv-column-174f4bbf3955344f4f32ec474e0d1a79" ><p><strong><span class="buscar">Potser estava buscant:</span></strong><br />
<span class="paraules">Nutricosmética, Nutricosmética Lleida</span></div></div>

<p>Un cabello débil, quebradizo y sin brillo es uno de los signos inequívocos de deficiencias nutricionales, y por tanto, hay que complementar nuestra dieta con los nutrientes adecuados a través de la nutricosmética. Esta debe incluir aminoácidos, vitaminas y minerales necesarios. Por lo menos, la alimentación es el principal factor que ayuda a mantener un&#8230;</p>

<!-- This site is optimized with the Yoast SEO plugin v18.6 - https://yoast.com/wordpress/plugins/seo/ -->
<title>Nutricosmética - Clínica Nexus</title>
<meta name="description" content="A Nexus comptem amb les millors fórmules innovadores d&#039;estètica avançada i micropigmentació." />
<meta name="robots" content="index, follow, max-snippet:-1, max-image-preview:large, max-video-preview:-1" />
<link rel="canonical" href="https://grupnexus.com/es/tratamientos/unidad-capilar/nutricosmetica/" />
<meta property="og:locale" content="es_ES" />
<meta property="og:type" content="article" />
<meta property="og:title" content="Nutricosmética - Clínica Nexus" />
<meta property="og:description" content="A Nexus comptem amb les millors fórmules innovadores d&#039;estètica avançada i micropigmentació." />
<meta property="og:url" content="https://grupnexus.com/es/tratamientos/unidad-capilar/nutricosmetica/" />
<meta property="og:site_name" content="Clínica Nexus" />
<meta property="article:modified_time" content="2019-07-23T09:42:32+00:00" />
<meta property="og:image" content="https://grupnexus.com/wp-content/uploads/2019/06/unitat-capilar-nutricosmetica.jpg" />
<meta name="twitter:card" content="summary" />
<meta name="twitter:label1" content="Tiempo de lectura" />
	<meta name="twitter:data1" content="2 minutos" />
<script type="application/ld+json" class="yoast-schema-graph">{"@context":"https://schema.org","@graph":[{"@type":"WebSite","@id":"https://grupnexus.com/es/#website","url":"https://grupnexus.com/es/","name":"Clínica Nexus","description":"Líders en Medicina Estètica Avançada","potentialAction":[{"@type":"SearchAction","target":{"@type":"EntryPoint","urlTemplate":"https://grupnexus.com/es/?s={search_term_string}"},"query-input":"required name=search_term_string"}],"inLanguage":"es"},{"@type":"ImageObject","@id":"https://grupnexus.com/es/tratamientos/unidad-capilar/nutricosmetica/#primaryimage","inLanguage":"es","url":"https://grupnexus.com/wp-content/uploads/2019/06/unitat-capilar-nutricosmetica.jpg","contentUrl":"https://grupnexus.com/wp-content/uploads/2019/06/unitat-capilar-nutricosmetica.jpg","width":377,"height":229},{"@type":"WebPage","@id":"https://grupnexus.com/es/tratamientos/unidad-capilar/nutricosmetica/#webpage","url":"https://grupnexus.com/es/tratamientos/unidad-capilar/nutricosmetica/","name":"Nutricosmética - Clínica Nexus","isPartOf":{"@id":"https://grupnexus.com/es/#website"},"primaryImageOfPage":{"@id":"https://grupnexus.com/es/tratamientos/unidad-capilar/nutricosmetica/#primaryimage"},"datePublished":"2019-06-20T14:21:50+00:00","dateModified":"2019-07-23T09:42:32+00:00","description":"A Nexus comptem amb les millors fórmules innovadores d'estètica avançada i micropigmentació.","breadcrumb":{"@id":"https://grupnexus.com/es/tratamientos/unidad-capilar/nutricosmetica/#breadcrumb"},"inLanguage":"es","potentialAction":[{"@type":"ReadAction","target":["https://grupnexus.com/es/tratamientos/unidad-capilar/nutricosmetica/"]}]},{"@type":"BreadcrumbList","@id":"https://grupnexus.com/es/tratamientos/unidad-capilar/nutricosmetica/#breadcrumb","itemListElement":[{"@type":"ListItem","position":1,"name":"Portada","item":"https://grupnexus.com/es/"},{"@type":"ListItem","position":2,"name":"Tratamientos","item":"https://grupnexus.com/es/tratamientos/"},{"@type":"ListItem","position":3,"name":"Unidad Capilar","item":"https://grupnexus.com/es/tratamientos/unidad-capilar/"},{"@type":"ListItem","position":4,"name":"Nutricosmética"}]}]}</script>
<!-- / Yoast SEO plugin. -->

Nutricosmética - Clínica Nexus

A Nexus comptem amb les millors fórmules innovadores d'estètica avançada i micropigmentació.

Clínica Nexus

Líders en Medicina Estètica Avançada
