{"id":48268,"date":"2021-09-23T09:41:10","date_gmt":"2021-09-23T07:41:10","guid":{"rendered":"https:\/\/www.grupnexus.com\/?page_id=48268"},"modified":"2021-09-23T09:41:10","modified_gmt":"2021-09-23T07:41:10","slug":"amelia-clemente","status":"publish","type":"page","link":"https:\/\/grupnexus.com\/es\/nuestro-equipo\/amelia-clemente\/","title":{"rendered":"Amelia Clemente"},"content":{"rendered":"<div class=\"row \"><div class=\"wpv-grid grid-1-1  wpv-first-level first unextended\" style=\"padding-top:0px;padding-bottom:0px\" id=\"wpv-column-f142520b9a010429e1f21e608ec349ea\" >\t\t<h2 class=\"text-divider-double\">\t\t\t\nAmelia clemente\t\t<\/h2>\t\t<div class=\"sep\"><\/div>\t<\/div><\/div>\n<div class=\"row \"><div class=\"wpv-grid grid-1-4  wpv-first-level first unextended\" style=\"padding-top:0px;padding-bottom:0px\" id=\"wpv-column-fcc1cd930cb0f6006e847f7a3dfc9798\" ><p><img loading=\"lazy\" class=\"aligncenter wp-image-24938 size-full\" src=\"https:\/\/grupnexus.com\/wp-content\/uploads\/2021\/09\/amelia-nexus.jpg\" alt=\"\" width=\"473\" height=\"678\" \/><\/div>\n<div class=\"wpv-grid grid-3-4  wpv-first-level unextended\" style=\"padding-top:0px;padding-bottom:0px\" id=\"wpv-column-b0fc231170b7ca44310fb4f3e016f9a5\" ><div class=\"row \"><div class=\"wpv-grid grid-1-1  first unextended\" style=\"padding-top:0px;padding-bottom:0px\" id=\"wpv-column-b8c482e6d1deb516d2883d5516524ea5\" ><h3>Educaci\u00f3n y Formaci\u00f3n<\/h3>\n<p>Diplomada en enfermer\u00eda por la Universidad de Lleida<\/p>\n<h3>Experiencia profesional<\/h3>\n<p>Enfermera en el Hospital de Arnau de Vilanova<\/div><\/div><\/div><\/div>\n<div class=\"push\" style='height:40px'><\/div>\n","protected":false},"excerpt":{"rendered":"<p>Educaci\u00f3n y Formaci\u00f3n Diplomada en enfermer\u00eda por la Universidad de Lleida Experiencia profesional Enfermera en el Hospital de Arnau de Vilanova<\/p>\n","protected":false},"author":5,"featured_media":0,"parent":14354,"menu_order":0,"comment_status":"closed","ping_status":"closed","template":"","meta":[],"yoast_head":"<!-- This site is optimized with the Yoast SEO plugin v18.6 - https:\/\/yoast.com\/wordpress\/plugins\/seo\/ -->\n<title>Amelia Clemente - Cl\u00ednica Nexus<\/title>\n<meta name=\"robots\" content=\"index, follow, max-snippet:-1, max-image-preview:large, max-video-preview:-1\" \/>\n<link rel=\"canonical\" href=\"https:\/\/grupnexus.com\/es\/nuestro-equipo\/amelia-clemente\/\" \/>\n<meta property=\"og:locale\" content=\"es_ES\" \/>\n<meta property=\"og:type\" content=\"article\" \/>\n<meta property=\"og:title\" content=\"Amelia Clemente - Cl\u00ednica Nexus\" \/>\n<meta property=\"og:description\" content=\"Educaci\u00f3n y Formaci\u00f3n Diplomada en enfermer\u00eda por la Universidad de Lleida Experiencia profesional Enfermera en el Hospital de Arnau de Vilanova\" \/>\n<meta property=\"og:url\" content=\"https:\/\/grupnexus.com\/es\/nuestro-equipo\/amelia-clemente\/\" \/>\n<meta property=\"og:site_name\" content=\"Cl\u00ednica Nexus\" \/>\n<meta property=\"og:image\" content=\"https:\/\/grupnexus.com\/wp-content\/uploads\/2021\/09\/amelia-nexus.jpg\" \/>\n<meta name=\"twitter:card\" content=\"summary\" \/>\n<meta name=\"twitter:label1\" content=\"Tiempo de lectura\" \/>\n\t<meta name=\"twitter:data1\" content=\"1 minuto\" \/>\n<script type=\"application\/ld+json\" class=\"yoast-schema-graph\">{\"@context\":\"https:\/\/schema.org\",\"@graph\":[{\"@type\":\"WebSite\",\"@id\":\"https:\/\/grupnexus.com\/es\/#website\",\"url\":\"https:\/\/grupnexus.com\/es\/\",\"name\":\"Cl\u00ednica Nexus\",\"description\":\"L\u00edders en Medicina Est\u00e8tica Avan\u00e7ada\",\"potentialAction\":[{\"@type\":\"SearchAction\",\"target\":{\"@type\":\"EntryPoint\",\"urlTemplate\":\"https:\/\/grupnexus.com\/es\/?s={search_term_string}\"},\"query-input\":\"required name=search_term_string\"}],\"inLanguage\":\"es\"},{\"@type\":\"ImageObject\",\"@id\":\"https:\/\/grupnexus.com\/es\/nuestro-equipo\/amelia-clemente\/#primaryimage\",\"inLanguage\":\"es\",\"url\":\"https:\/\/grupnexus.com\/wp-content\/uploads\/2021\/09\/amelia-nexus.jpg\",\"contentUrl\":\"https:\/\/grupnexus.com\/wp-content\/uploads\/2021\/09\/amelia-nexus.jpg\",\"width\":473,\"height\":678},{\"@type\":\"WebPage\",\"@id\":\"https:\/\/grupnexus.com\/es\/nuestro-equipo\/amelia-clemente\/#webpage\",\"url\":\"https:\/\/grupnexus.com\/es\/nuestro-equipo\/amelia-clemente\/\",\"name\":\"Amelia Clemente - Cl\u00ednica Nexus\",\"isPartOf\":{\"@id\":\"https:\/\/grupnexus.com\/es\/#website\"},\"primaryImageOfPage\":{\"@id\":\"https:\/\/grupnexus.com\/es\/nuestro-equipo\/amelia-clemente\/#primaryimage\"},\"datePublished\":\"2021-09-23T07:41:10+00:00\",\"dateModified\":\"2021-09-23T07:41:10+00:00\",\"breadcrumb\":{\"@id\":\"https:\/\/grupnexus.com\/es\/nuestro-equipo\/amelia-clemente\/#breadcrumb\"},\"inLanguage\":\"es\",\"potentialAction\":[{\"@type\":\"ReadAction\",\"target\":[\"https:\/\/grupnexus.com\/es\/nuestro-equipo\/amelia-clemente\/\"]}]},{\"@type\":\"BreadcrumbList\",\"@id\":\"https:\/\/grupnexus.com\/es\/nuestro-equipo\/amelia-clemente\/#breadcrumb\",\"itemListElement\":[{\"@type\":\"ListItem\",\"position\":1,\"name\":\"Portada\",\"item\":\"https:\/\/grupnexus.com\/es\/\"},{\"@type\":\"ListItem\",\"position\":2,\"name\":\"Nuestro equipo\",\"item\":\"https:\/\/grupnexus.com\/es\/nuestro-equipo\/\"},{\"@type\":\"ListItem\",\"position\":3,\"name\":\"Amelia Clemente\"}]}]}<\/script>\n<!-- \/ Yoast SEO plugin. -->","yoast_head_json":{"title":"Amelia Clemente - Cl\u00ednica Nexus","robots":{"index":"index","follow":"follow","max-snippet":"max-snippet:-1","max-image-preview":"max-image-preview:large","max-video-preview":"max-video-preview:-1"},"canonical":"https:\/\/grupnexus.com\/es\/nuestro-equipo\/amelia-clemente\/","og_locale":"es_ES","og_type":"article","og_title":"Amelia Clemente - Cl\u00ednica Nexus","og_description":"Educaci\u00f3n y Formaci\u00f3n Diplomada en enfermer\u00eda por la Universidad de Lleida Experiencia profesional Enfermera en el Hospital de Arnau de Vilanova","og_url":"https:\/\/grupnexus.com\/es\/nuestro-equipo\/amelia-clemente\/","og_site_name":"Cl\u00ednica Nexus","og_image":[{"url":"https:\/\/grupnexus.com\/wp-content\/uploads\/2021\/09\/amelia-nexus.jpg"}],"twitter_card":"summary","twitter_misc":{"Tiempo de lectura":"1 minuto"},"schema":{"@context":"https:\/\/schema.org","@graph":[{"@type":"WebSite","@id":"https:\/\/grupnexus.com\/es\/#website","url":"https:\/\/grupnexus.com\/es\/","name":"Cl\u00ednica Nexus","description":"L\u00edders en Medicina Est\u00e8tica Avan\u00e7ada","potentialAction":[{"@type":"SearchAction","target":{"@type":"EntryPoint","urlTemplate":"https:\/\/grupnexus.com\/es\/?s={search_term_string}"},"query-input":"required name=search_term_string"}],"inLanguage":"es"},{"@type":"ImageObject","@id":"https:\/\/grupnexus.com\/es\/nuestro-equipo\/amelia-clemente\/#primaryimage","inLanguage":"es","url":"https:\/\/grupnexus.com\/wp-content\/uploads\/2021\/09\/amelia-nexus.jpg","contentUrl":"https:\/\/grupnexus.com\/wp-content\/uploads\/2021\/09\/amelia-nexus.jpg","width":473,"height":678},{"@type":"WebPage","@id":"https:\/\/grupnexus.com\/es\/nuestro-equipo\/amelia-clemente\/#webpage","url":"https:\/\/grupnexus.com\/es\/nuestro-equipo\/amelia-clemente\/","name":"Amelia Clemente - Cl\u00ednica Nexus","isPartOf":{"@id":"https:\/\/grupnexus.com\/es\/#website"},"primaryImageOfPage":{"@id":"https:\/\/grupnexus.com\/es\/nuestro-equipo\/amelia-clemente\/#primaryimage"},"datePublished":"2021-09-23T07:41:10+00:00","dateModified":"2021-09-23T07:41:10+00:00","breadcrumb":{"@id":"https:\/\/grupnexus.com\/es\/nuestro-equipo\/amelia-clemente\/#breadcrumb"},"inLanguage":"es","potentialAction":[{"@type":"ReadAction","target":["https:\/\/grupnexus.com\/es\/nuestro-equipo\/amelia-clemente\/"]}]},{"@type":"BreadcrumbList","@id":"https:\/\/grupnexus.com\/es\/nuestro-equipo\/amelia-clemente\/#breadcrumb","itemListElement":[{"@type":"ListItem","position":1,"name":"Portada","item":"https:\/\/grupnexus.com\/es\/"},{"@type":"ListItem","position":2,"name":"Nuestro equipo","item":"https:\/\/grupnexus.com\/es\/nuestro-equipo\/"},{"@type":"ListItem","position":3,"name":"Amelia Clemente"}]}]}},"_links":{"self":[{"href":"https:\/\/grupnexus.com\/es\/wp-json\/wp\/v2\/pages\/48268"}],"collection":[{"href":"https:\/\/grupnexus.com\/es\/wp-json\/wp\/v2\/pages"}],"about":[{"href":"https:\/\/grupnexus.com\/es\/wp-json\/wp\/v2\/types\/page"}],"author":[{"embeddable":true,"href":"https:\/\/grupnexus.com\/es\/wp-json\/wp\/v2\/users\/5"}],"replies":[{"embeddable":true,"href":"https:\/\/grupnexus.com\/es\/wp-json\/wp\/v2\/comments?post=48268"}],"version-history":[{"count":3,"href":"https:\/\/grupnexus.com\/es\/wp-json\/wp\/v2\/pages\/48268\/revisions"}],"predecessor-version":[{"id":48276,"href":"https:\/\/grupnexus.com\/es\/wp-json\/wp\/v2\/pages\/48268\/revisions\/48276"}],"up":[{"embeddable":true,"href":"https:\/\/grupnexus.com\/es\/wp-json\/wp\/v2\/pages\/14354"}],"wp:attachment":[{"href":"https:\/\/grupnexus.com\/es\/wp-json\/wp\/v2\/media?parent=48268"}],"curies":[{"name":"wp","href":"https:\/\/api.w.org\/{rel}","templated":true}]}}

<div class="row "><div class="wpv-grid grid-1-1  wpv-first-level first unextended" style="padding-top:0px;padding-bottom:0px" id="wpv-column-f142520b9a010429e1f21e608ec349ea" >		<h2 class="text-divider-double">			
Amelia clemente		</h2>		<div class="sep"></div>	</div></div>
<div class="row "><div class="wpv-grid grid-1-4  wpv-first-level first unextended" style="padding-top:0px;padding-bottom:0px" id="wpv-column-fcc1cd930cb0f6006e847f7a3dfc9798" ><p><img loading="lazy" class="aligncenter wp-image-24938 size-full" src="https://grupnexus.com/wp-content/uploads/2021/09/amelia-nexus.jpg" alt="" width="473" height="678" /></div>
<div class="wpv-grid grid-3-4  wpv-first-level unextended" style="padding-top:0px;padding-bottom:0px" id="wpv-column-b0fc231170b7ca44310fb4f3e016f9a5" ><div class="row "><div class="wpv-grid grid-1-1  first unextended" style="padding-top:0px;padding-bottom:0px" id="wpv-column-b8c482e6d1deb516d2883d5516524ea5" ><h3>Educación y Formación</h3>
<p>Diplomada en enfermería por la Universidad de Lleida</p>
<h3>Experiencia profesional</h3>
<p>Enfermera en el Hospital de Arnau de Vilanova</div></div></div></div>
<div class="push" style='height:40px'></div>

<p>Educación y Formación Diplomada en enfermería por la Universidad de Lleida Experiencia profesional Enfermera en el Hospital de Arnau de Vilanova</p>

<!-- This site is optimized with the Yoast SEO plugin v18.6 - https://yoast.com/wordpress/plugins/seo/ -->
<title>Amelia Clemente - Clínica Nexus</title>
<meta name="robots" content="index, follow, max-snippet:-1, max-image-preview:large, max-video-preview:-1" />
<link rel="canonical" href="https://grupnexus.com/es/nuestro-equipo/amelia-clemente/" />
<meta property="og:locale" content="es_ES" />
<meta property="og:type" content="article" />
<meta property="og:title" content="Amelia Clemente - Clínica Nexus" />
<meta property="og:description" content="Educación y Formación Diplomada en enfermería por la Universidad de Lleida Experiencia profesional Enfermera en el Hospital de Arnau de Vilanova" />
<meta property="og:url" content="https://grupnexus.com/es/nuestro-equipo/amelia-clemente/" />
<meta property="og:site_name" content="Clínica Nexus" />
<meta property="og:image" content="https://grupnexus.com/wp-content/uploads/2021/09/amelia-nexus.jpg" />
<meta name="twitter:card" content="summary" />
<meta name="twitter:label1" content="Tiempo de lectura" />
	<meta name="twitter:data1" content="1 minuto" />
<script type="application/ld+json" class="yoast-schema-graph">{"@context":"https://schema.org","@graph":[{"@type":"WebSite","@id":"https://grupnexus.com/es/#website","url":"https://grupnexus.com/es/","name":"Clínica Nexus","description":"Líders en Medicina Estètica Avançada","potentialAction":[{"@type":"SearchAction","target":{"@type":"EntryPoint","urlTemplate":"https://grupnexus.com/es/?s={search_term_string}"},"query-input":"required name=search_term_string"}],"inLanguage":"es"},{"@type":"ImageObject","@id":"https://grupnexus.com/es/nuestro-equipo/amelia-clemente/#primaryimage","inLanguage":"es","url":"https://grupnexus.com/wp-content/uploads/2021/09/amelia-nexus.jpg","contentUrl":"https://grupnexus.com/wp-content/uploads/2021/09/amelia-nexus.jpg","width":473,"height":678},{"@type":"WebPage","@id":"https://grupnexus.com/es/nuestro-equipo/amelia-clemente/#webpage","url":"https://grupnexus.com/es/nuestro-equipo/amelia-clemente/","name":"Amelia Clemente - Clínica Nexus","isPartOf":{"@id":"https://grupnexus.com/es/#website"},"primaryImageOfPage":{"@id":"https://grupnexus.com/es/nuestro-equipo/amelia-clemente/#primaryimage"},"datePublished":"2021-09-23T07:41:10+00:00","dateModified":"2021-09-23T07:41:10+00:00","breadcrumb":{"@id":"https://grupnexus.com/es/nuestro-equipo/amelia-clemente/#breadcrumb"},"inLanguage":"es","potentialAction":[{"@type":"ReadAction","target":["https://grupnexus.com/es/nuestro-equipo/amelia-clemente/"]}]},{"@type":"BreadcrumbList","@id":"https://grupnexus.com/es/nuestro-equipo/amelia-clemente/#breadcrumb","itemListElement":[{"@type":"ListItem","position":1,"name":"Portada","item":"https://grupnexus.com/es/"},{"@type":"ListItem","position":2,"name":"Nuestro equipo","item":"https://grupnexus.com/es/nuestro-equipo/"},{"@type":"ListItem","position":3,"name":"Amelia Clemente"}]}]}</script>
<!-- / Yoast SEO plugin. -->

Amelia Clemente - Clínica Nexus

Educación y Formación Diplomada en enfermería por la Universidad de Lleida Experiencia profesional Enfermera en el Hospital de Arnau de Vilanova

Clínica Nexus

Líders en Medicina Estètica Avançada
