{"id":49947,"date":"2022-03-30T09:05:06","date_gmt":"2022-03-30T07:05:06","guid":{"rendered":"https:\/\/grupnexus.com\/?page_id=49947"},"modified":"2022-03-30T09:23:08","modified_gmt":"2022-03-30T07:23:08","slug":"sara-aige","status":"publish","type":"page","link":"https:\/\/grupnexus.com\/es\/nuestro-equipo\/sara-aige\/","title":{"rendered":"Sara Aige"},"content":{"rendered":"<div class=\"row \"><div class=\"wpv-grid grid-1-1  wpv-first-level first unextended\" style=\"padding-top:0px;padding-bottom:0px\" id=\"wpv-column-d0f20b34813b62d9c545f5c8d87e2269\" >\t\t<h2 class=\"text-divider-double\">\t\t\t\nSara Aige<br \/>\n\t\t<\/h2>\t\t<div class=\"sep\"><\/div>\t<\/div><\/div>\n<div class=\"row \"><div class=\"wpv-grid grid-1-4  wpv-first-level first unextended\" style=\"padding-top:0px;padding-bottom:0px\" id=\"wpv-column-6242e643e731355f44bba89128b25b39\" ><p><img loading=\"lazy\" class=\"aligncenter wp-image-21442 size-full\" src=\"https:\/\/grupnexus.com\/wp-content\/uploads\/2022\/03\/sara-aige.jpg\" alt=\"\" width=\"473\" height=\"678\" \/><\/div>\n<div class=\"wpv-grid grid-3-4  wpv-first-level unextended\" style=\"padding-top:0px;padding-bottom:0px\" id=\"wpv-column-74e25823e4cf131f328bfcbd724c037c\" ><div class=\"row \"><div class=\"wpv-grid grid-1-1  first unextended\" style=\"padding-top:0px;padding-bottom:0px\" id=\"wpv-column-2bb6bc378655d8acf375eb344b6ec55a\" ><h3>Experiencia Profesional<\/h3>\n<p>M\u00e1ster en Estilismo, Moda y Medios de Comunicaci\u00f3n<br \/>\nC.F.G Superior de Asesora de Imagen Personal y Corporativa<br \/>\nC.F.G Superior de Est\u00e9tica integral<\/div><\/div><\/div><\/div>\n<div class=\"push\" style='height:40px'><\/div>\n","protected":false},"excerpt":{"rendered":"<p>Experiencia Profesional M\u00e1ster en Estilismo, Moda y Medios de Comunicaci\u00f3n C.F.G Superior de Asesora de Imagen Personal y Corporativa C.F.G Superior de Est\u00e9tica integral<\/p>\n","protected":false},"author":5,"featured_media":0,"parent":14354,"menu_order":0,"comment_status":"closed","ping_status":"closed","template":"","meta":[],"yoast_head":"<!-- This site is optimized with the Yoast SEO plugin v18.6 - https:\/\/yoast.com\/wordpress\/plugins\/seo\/ -->\n<title>Sara Aige - Cl\u00ednica Nexus<\/title>\n<meta name=\"robots\" content=\"index, follow, max-snippet:-1, max-image-preview:large, max-video-preview:-1\" \/>\n<link rel=\"canonical\" href=\"https:\/\/grupnexus.com\/es\/nuestro-equipo\/sara-aige\/\" \/>\n<meta property=\"og:locale\" content=\"es_ES\" \/>\n<meta property=\"og:type\" content=\"article\" \/>\n<meta property=\"og:title\" content=\"Sara Aige - Cl\u00ednica Nexus\" \/>\n<meta property=\"og:description\" content=\"Experiencia Profesional M\u00e1ster en Estilismo, Moda y Medios de Comunicaci\u00f3n C.F.G Superior de Asesora de Imagen Personal y Corporativa C.F.G Superior de Est\u00e9tica integral\" \/>\n<meta property=\"og:url\" content=\"https:\/\/grupnexus.com\/es\/nuestro-equipo\/sara-aige\/\" \/>\n<meta property=\"og:site_name\" content=\"Cl\u00ednica Nexus\" \/>\n<meta property=\"article:modified_time\" content=\"2022-03-30T07:23:08+00:00\" \/>\n<meta property=\"og:image\" content=\"https:\/\/grupnexus.com\/wp-content\/uploads\/2022\/03\/sara-aige.jpg\" \/>\n<meta name=\"twitter:card\" content=\"summary\" \/>\n<meta name=\"twitter:label1\" content=\"Tiempo de lectura\" \/>\n\t<meta name=\"twitter:data1\" content=\"1 minuto\" \/>\n<script type=\"application\/ld+json\" class=\"yoast-schema-graph\">{\"@context\":\"https:\/\/schema.org\",\"@graph\":[{\"@type\":\"WebSite\",\"@id\":\"https:\/\/grupnexus.com\/es\/#website\",\"url\":\"https:\/\/grupnexus.com\/es\/\",\"name\":\"Cl\u00ednica Nexus\",\"description\":\"L\u00edders en Medicina Est\u00e8tica Avan\u00e7ada\",\"potentialAction\":[{\"@type\":\"SearchAction\",\"target\":{\"@type\":\"EntryPoint\",\"urlTemplate\":\"https:\/\/grupnexus.com\/es\/?s={search_term_string}\"},\"query-input\":\"required name=search_term_string\"}],\"inLanguage\":\"es\"},{\"@type\":\"ImageObject\",\"@id\":\"https:\/\/grupnexus.com\/es\/nuestro-equipo\/sara-aige\/#primaryimage\",\"inLanguage\":\"es\",\"url\":\"https:\/\/grupnexus.com\/wp-content\/uploads\/2022\/03\/sara-aige.jpg\",\"contentUrl\":\"https:\/\/grupnexus.com\/wp-content\/uploads\/2022\/03\/sara-aige.jpg\",\"width\":473,\"height\":678},{\"@type\":\"WebPage\",\"@id\":\"https:\/\/grupnexus.com\/es\/nuestro-equipo\/sara-aige\/#webpage\",\"url\":\"https:\/\/grupnexus.com\/es\/nuestro-equipo\/sara-aige\/\",\"name\":\"Sara Aige - Cl\u00ednica Nexus\",\"isPartOf\":{\"@id\":\"https:\/\/grupnexus.com\/es\/#website\"},\"primaryImageOfPage\":{\"@id\":\"https:\/\/grupnexus.com\/es\/nuestro-equipo\/sara-aige\/#primaryimage\"},\"datePublished\":\"2022-03-30T07:05:06+00:00\",\"dateModified\":\"2022-03-30T07:23:08+00:00\",\"breadcrumb\":{\"@id\":\"https:\/\/grupnexus.com\/es\/nuestro-equipo\/sara-aige\/#breadcrumb\"},\"inLanguage\":\"es\",\"potentialAction\":[{\"@type\":\"ReadAction\",\"target\":[\"https:\/\/grupnexus.com\/es\/nuestro-equipo\/sara-aige\/\"]}]},{\"@type\":\"BreadcrumbList\",\"@id\":\"https:\/\/grupnexus.com\/es\/nuestro-equipo\/sara-aige\/#breadcrumb\",\"itemListElement\":[{\"@type\":\"ListItem\",\"position\":1,\"name\":\"Portada\",\"item\":\"https:\/\/grupnexus.com\/es\/\"},{\"@type\":\"ListItem\",\"position\":2,\"name\":\"Nuestro equipo\",\"item\":\"https:\/\/grupnexus.com\/es\/nuestro-equipo\/\"},{\"@type\":\"ListItem\",\"position\":3,\"name\":\"Sara Aige\"}]}]}<\/script>\n<!-- \/ Yoast SEO plugin. -->","yoast_head_json":{"title":"Sara Aige - Cl\u00ednica Nexus","robots":{"index":"index","follow":"follow","max-snippet":"max-snippet:-1","max-image-preview":"max-image-preview:large","max-video-preview":"max-video-preview:-1"},"canonical":"https:\/\/grupnexus.com\/es\/nuestro-equipo\/sara-aige\/","og_locale":"es_ES","og_type":"article","og_title":"Sara Aige - Cl\u00ednica Nexus","og_description":"Experiencia Profesional M\u00e1ster en Estilismo, Moda y Medios de Comunicaci\u00f3n C.F.G Superior de Asesora de Imagen Personal y Corporativa C.F.G Superior de Est\u00e9tica integral","og_url":"https:\/\/grupnexus.com\/es\/nuestro-equipo\/sara-aige\/","og_site_name":"Cl\u00ednica Nexus","article_modified_time":"2022-03-30T07:23:08+00:00","og_image":[{"url":"https:\/\/grupnexus.com\/wp-content\/uploads\/2022\/03\/sara-aige.jpg"}],"twitter_card":"summary","twitter_misc":{"Tiempo de lectura":"1 minuto"},"schema":{"@context":"https:\/\/schema.org","@graph":[{"@type":"WebSite","@id":"https:\/\/grupnexus.com\/es\/#website","url":"https:\/\/grupnexus.com\/es\/","name":"Cl\u00ednica Nexus","description":"L\u00edders en Medicina Est\u00e8tica Avan\u00e7ada","potentialAction":[{"@type":"SearchAction","target":{"@type":"EntryPoint","urlTemplate":"https:\/\/grupnexus.com\/es\/?s={search_term_string}"},"query-input":"required name=search_term_string"}],"inLanguage":"es"},{"@type":"ImageObject","@id":"https:\/\/grupnexus.com\/es\/nuestro-equipo\/sara-aige\/#primaryimage","inLanguage":"es","url":"https:\/\/grupnexus.com\/wp-content\/uploads\/2022\/03\/sara-aige.jpg","contentUrl":"https:\/\/grupnexus.com\/wp-content\/uploads\/2022\/03\/sara-aige.jpg","width":473,"height":678},{"@type":"WebPage","@id":"https:\/\/grupnexus.com\/es\/nuestro-equipo\/sara-aige\/#webpage","url":"https:\/\/grupnexus.com\/es\/nuestro-equipo\/sara-aige\/","name":"Sara Aige - Cl\u00ednica Nexus","isPartOf":{"@id":"https:\/\/grupnexus.com\/es\/#website"},"primaryImageOfPage":{"@id":"https:\/\/grupnexus.com\/es\/nuestro-equipo\/sara-aige\/#primaryimage"},"datePublished":"2022-03-30T07:05:06+00:00","dateModified":"2022-03-30T07:23:08+00:00","breadcrumb":{"@id":"https:\/\/grupnexus.com\/es\/nuestro-equipo\/sara-aige\/#breadcrumb"},"inLanguage":"es","potentialAction":[{"@type":"ReadAction","target":["https:\/\/grupnexus.com\/es\/nuestro-equipo\/sara-aige\/"]}]},{"@type":"BreadcrumbList","@id":"https:\/\/grupnexus.com\/es\/nuestro-equipo\/sara-aige\/#breadcrumb","itemListElement":[{"@type":"ListItem","position":1,"name":"Portada","item":"https:\/\/grupnexus.com\/es\/"},{"@type":"ListItem","position":2,"name":"Nuestro equipo","item":"https:\/\/grupnexus.com\/es\/nuestro-equipo\/"},{"@type":"ListItem","position":3,"name":"Sara Aige"}]}]}},"_links":{"self":[{"href":"https:\/\/grupnexus.com\/es\/wp-json\/wp\/v2\/pages\/49947"}],"collection":[{"href":"https:\/\/grupnexus.com\/es\/wp-json\/wp\/v2\/pages"}],"about":[{"href":"https:\/\/grupnexus.com\/es\/wp-json\/wp\/v2\/types\/page"}],"author":[{"embeddable":true,"href":"https:\/\/grupnexus.com\/es\/wp-json\/wp\/v2\/users\/5"}],"replies":[{"embeddable":true,"href":"https:\/\/grupnexus.com\/es\/wp-json\/wp\/v2\/comments?post=49947"}],"version-history":[{"count":4,"href":"https:\/\/grupnexus.com\/es\/wp-json\/wp\/v2\/pages\/49947\/revisions"}],"predecessor-version":[{"id":49956,"href":"https:\/\/grupnexus.com\/es\/wp-json\/wp\/v2\/pages\/49947\/revisions\/49956"}],"up":[{"embeddable":true,"href":"https:\/\/grupnexus.com\/es\/wp-json\/wp\/v2\/pages\/14354"}],"wp:attachment":[{"href":"https:\/\/grupnexus.com\/es\/wp-json\/wp\/v2\/media?parent=49947"}],"curies":[{"name":"wp","href":"https:\/\/api.w.org\/{rel}","templated":true}]}}

<div class="row "><div class="wpv-grid grid-1-1  wpv-first-level first unextended" style="padding-top:0px;padding-bottom:0px" id="wpv-column-d0f20b34813b62d9c545f5c8d87e2269" >		<h2 class="text-divider-double">			
Sara Aige<br />
		</h2>		<div class="sep"></div>	</div></div>
<div class="row "><div class="wpv-grid grid-1-4  wpv-first-level first unextended" style="padding-top:0px;padding-bottom:0px" id="wpv-column-6242e643e731355f44bba89128b25b39" ><p><img loading="lazy" class="aligncenter wp-image-21442 size-full" src="https://grupnexus.com/wp-content/uploads/2022/03/sara-aige.jpg" alt="" width="473" height="678" /></div>
<div class="wpv-grid grid-3-4  wpv-first-level unextended" style="padding-top:0px;padding-bottom:0px" id="wpv-column-74e25823e4cf131f328bfcbd724c037c" ><div class="row "><div class="wpv-grid grid-1-1  first unextended" style="padding-top:0px;padding-bottom:0px" id="wpv-column-2bb6bc378655d8acf375eb344b6ec55a" ><h3>Experiencia Profesional</h3>
<p>Máster en Estilismo, Moda y Medios de Comunicación<br />
C.F.G Superior de Asesora de Imagen Personal y Corporativa<br />
C.F.G Superior de Estética integral</div></div></div></div>
<div class="push" style='height:40px'></div>

<p>Experiencia Profesional Máster en Estilismo, Moda y Medios de Comunicación C.F.G Superior de Asesora de Imagen Personal y Corporativa C.F.G Superior de Estética integral</p>

<!-- This site is optimized with the Yoast SEO plugin v18.6 - https://yoast.com/wordpress/plugins/seo/ -->
<title>Sara Aige - Clínica Nexus</title>
<meta name="robots" content="index, follow, max-snippet:-1, max-image-preview:large, max-video-preview:-1" />
<link rel="canonical" href="https://grupnexus.com/es/nuestro-equipo/sara-aige/" />
<meta property="og:locale" content="es_ES" />
<meta property="og:type" content="article" />
<meta property="og:title" content="Sara Aige - Clínica Nexus" />
<meta property="og:description" content="Experiencia Profesional Máster en Estilismo, Moda y Medios de Comunicación C.F.G Superior de Asesora de Imagen Personal y Corporativa C.F.G Superior de Estética integral" />
<meta property="og:url" content="https://grupnexus.com/es/nuestro-equipo/sara-aige/" />
<meta property="og:site_name" content="Clínica Nexus" />
<meta property="article:modified_time" content="2022-03-30T07:23:08+00:00" />
<meta property="og:image" content="https://grupnexus.com/wp-content/uploads/2022/03/sara-aige.jpg" />
<meta name="twitter:card" content="summary" />
<meta name="twitter:label1" content="Tiempo de lectura" />
	<meta name="twitter:data1" content="1 minuto" />
<script type="application/ld+json" class="yoast-schema-graph">{"@context":"https://schema.org","@graph":[{"@type":"WebSite","@id":"https://grupnexus.com/es/#website","url":"https://grupnexus.com/es/","name":"Clínica Nexus","description":"Líders en Medicina Estètica Avançada","potentialAction":[{"@type":"SearchAction","target":{"@type":"EntryPoint","urlTemplate":"https://grupnexus.com/es/?s={search_term_string}"},"query-input":"required name=search_term_string"}],"inLanguage":"es"},{"@type":"ImageObject","@id":"https://grupnexus.com/es/nuestro-equipo/sara-aige/#primaryimage","inLanguage":"es","url":"https://grupnexus.com/wp-content/uploads/2022/03/sara-aige.jpg","contentUrl":"https://grupnexus.com/wp-content/uploads/2022/03/sara-aige.jpg","width":473,"height":678},{"@type":"WebPage","@id":"https://grupnexus.com/es/nuestro-equipo/sara-aige/#webpage","url":"https://grupnexus.com/es/nuestro-equipo/sara-aige/","name":"Sara Aige - Clínica Nexus","isPartOf":{"@id":"https://grupnexus.com/es/#website"},"primaryImageOfPage":{"@id":"https://grupnexus.com/es/nuestro-equipo/sara-aige/#primaryimage"},"datePublished":"2022-03-30T07:05:06+00:00","dateModified":"2022-03-30T07:23:08+00:00","breadcrumb":{"@id":"https://grupnexus.com/es/nuestro-equipo/sara-aige/#breadcrumb"},"inLanguage":"es","potentialAction":[{"@type":"ReadAction","target":["https://grupnexus.com/es/nuestro-equipo/sara-aige/"]}]},{"@type":"BreadcrumbList","@id":"https://grupnexus.com/es/nuestro-equipo/sara-aige/#breadcrumb","itemListElement":[{"@type":"ListItem","position":1,"name":"Portada","item":"https://grupnexus.com/es/"},{"@type":"ListItem","position":2,"name":"Nuestro equipo","item":"https://grupnexus.com/es/nuestro-equipo/"},{"@type":"ListItem","position":3,"name":"Sara Aige"}]}]}</script>
<!-- / Yoast SEO plugin. -->

Sara Aige - Clínica Nexus

Experiencia Profesional Máster en Estilismo, Moda y Medios de Comunicación C.F.G Superior de Asesora de Imagen Personal y Corporativa C.F.G Superior de Estética integral

Clínica Nexus

Líders en Medicina Estètica Avançada
